{"id":2416,"date":"2024-12-11T11:20:27","date_gmt":"2024-12-11T14:20:27","guid":{"rendered":"https:\/\/sites.icb.ufmg.br\/labnano\/?page_id=2416"},"modified":"2025-05-18T11:32:09","modified_gmt":"2025-05-18T14:32:09","slug":"egressos","status":"publish","type":"page","link":"https:\/\/sites.icb.ufmg.br\/labnano\/egressos\/","title":{"rendered":"Egressos"},"content":{"rendered":"\t\t<div data-elementor-type=\"wp-page\" data-elementor-id=\"2416\" class=\"elementor elementor-2416\">\n\t\t\t\t\t\t<section class=\"elementor-section elementor-top-section elementor-element elementor-element-a10381c elementor-section-boxed elementor-section-height-default elementor-section-height-default\" data-id=\"a10381c\" data-element_type=\"section\" data-settings=\"{&quot;background_background&quot;:&quot;classic&quot;}\">\n\t\t\t\t\t\t<div class=\"elementor-container elementor-column-gap-default\">\n\t\t\t\t\t<div class=\"elementor-column elementor-col-100 elementor-top-column elementor-element elementor-element-3c8926d\" data-id=\"3c8926d\" data-element_type=\"column\">\n\t\t\t<div class=\"elementor-widget-wrap elementor-element-populated\">\n\t\t\t\t\t\t<div class=\"elementor-element elementor-element-877dc12 elementor-widget elementor-widget-heading\" data-id=\"877dc12\" data-element_type=\"widget\" data-widget_type=\"heading.default\">\n\t\t\t\t\t<h2 class=\"elementor-heading-title elementor-size-default\">Egressos<\/h2>\t\t\t\t<\/div>\n\t\t\t\t<div class=\"elementor-element elementor-element-c51a9ac elementor-widget elementor-widget-image\" data-id=\"c51a9ac\" data-element_type=\"widget\" data-widget_type=\"image.default\">\n\t\t\t\t\t\t\t\t\t\t\t\t\t\t\t<img fetchpriority=\"high\" decoding=\"async\" width=\"400\" height=\"400\" src=\"https:\/\/sites.icb.ufmg.br\/labnano\/wp-content\/uploads\/2024\/12\/wired-outline-243-glasses-eye-blink-hover-searching.gif\" class=\"attachment-large size-large wp-image-2103\" alt=\"\" \/>\t\t\t\t\t\t\t\t\t\t\t\t\t\t\t<\/div>\n\t\t\t\t\t<\/div>\n\t\t<\/div>\n\t\t\t\t\t<\/div>\n\t\t<\/section>\n\t\t\t\t<section class=\"elementor-section elementor-top-section elementor-element elementor-element-ca2cb02 elementor-section-boxed elementor-section-height-default elementor-section-height-default\" data-id=\"ca2cb02\" data-element_type=\"section\" data-settings=\"{&quot;background_background&quot;:&quot;classic&quot;}\">\n\t\t\t\t\t\t<div class=\"elementor-container elementor-column-gap-default\">\n\t\t\t\t\t<div class=\"elementor-column elementor-col-33 elementor-top-column elementor-element elementor-element-ae67852\" data-id=\"ae67852\" data-element_type=\"column\">\n\t\t\t<div class=\"elementor-widget-wrap elementor-element-populated\">\n\t\t\t\t\t\t<div class=\"elementor-element elementor-element-a79a758 elementor-widget elementor-widget-image\" data-id=\"a79a758\" data-element_type=\"widget\" data-widget_type=\"image.default\">\n\t\t\t\t\t\t\t\t\t\t\t\t\t\t\t<img decoding=\"async\" width=\"768\" height=\"1024\" src=\"https:\/\/sites.icb.ufmg.br\/labnano\/wp-content\/uploads\/2024\/12\/WhatsApp-Image-2024-12-10-at-19.23.05-768x1024.jpeg\" class=\"attachment-large size-large wp-image-2328\" alt=\"\" srcset=\"https:\/\/sites.icb.ufmg.br\/labnano\/wp-content\/uploads\/2024\/12\/WhatsApp-Image-2024-12-10-at-19.23.05-768x1024.jpeg 768w, https:\/\/sites.icb.ufmg.br\/labnano\/wp-content\/uploads\/2024\/12\/WhatsApp-Image-2024-12-10-at-19.23.05-225x300.jpeg 225w, https:\/\/sites.icb.ufmg.br\/labnano\/wp-content\/uploads\/2024\/12\/WhatsApp-Image-2024-12-10-at-19.23.05.jpeg 960w\" sizes=\"(max-width: 768px) 100vw, 768px\" \/>\t\t\t\t\t\t\t\t\t\t\t\t\t\t\t<\/div>\n\t\t\t\t\t<\/div>\n\t\t<\/div>\n\t\t\t\t<div class=\"elementor-column elementor-col-66 elementor-top-column elementor-element elementor-element-7432daf\" data-id=\"7432daf\" data-element_type=\"column\" data-settings=\"{&quot;background_background&quot;:&quot;classic&quot;}\">\n\t\t\t<div class=\"elementor-widget-wrap elementor-element-populated\">\n\t\t\t\t\t\t<div class=\"elementor-element elementor-element-8cc1ecb elementor-widget elementor-widget-heading\" data-id=\"8cc1ecb\" data-element_type=\"widget\" data-widget_type=\"heading.default\">\n\t\t\t\t\t<h2 class=\"elementor-heading-title elementor-size-default\">Ana Carolina Borges de Oliveira <\/h2>\t\t\t\t<\/div>\n\t\t\t\t<div class=\"elementor-element elementor-element-85a474f elementor-widget elementor-widget-text-editor\" data-id=\"85a474f\" data-element_type=\"widget\" data-widget_type=\"text-editor.default\">\n\t\t\t\t\t\t\t\t\t<p>Forma\u00e7\u00e3o Acad\u00eamica: Farm\u00e1cia<\/p><p>Orientador: Fr\u00e9d\u00e9ric Jean Georges Frez\u00e1rd<\/p><p>Email: borgescarolfarma@gmail.com<\/p><p>Pesquisou o uso de mol\u00e9culas da fam\u00edlia das porfirinas complexadas com antim\u00f4nio, para avaliar a capacidade de encapsulamento em lipossomas para tratamento das leishmanioses.<\/p>\t\t\t\t\t\t\t\t<\/div>\n\t\t\t\t<div class=\"elementor-element elementor-element-a132335 elementor-mobile-align-center elementor-widget elementor-widget-button\" data-id=\"a132335\" data-element_type=\"widget\" data-widget_type=\"button.default\">\n\t\t\t\t\t\t\t\t\t\t<a class=\"elementor-button elementor-button-link elementor-size-sm\" href=\"http:\/\/lattes.cnpq.br\/4868408547886042\" target=\"_blank\">\n\t\t\t\t\t\t<span class=\"elementor-button-content-wrapper\">\n\t\t\t\t\t\t\t\t\t<span class=\"elementor-button-text\">Lattes<\/span>\n\t\t\t\t\t<\/span>\n\t\t\t\t\t<\/a>\n\t\t\t\t\t\t\t\t<\/div>\n\t\t\t\t\t<\/div>\n\t\t<\/div>\n\t\t\t\t\t<\/div>\n\t\t<\/section>\n\t\t\t\t<section class=\"elementor-section elementor-top-section elementor-element elementor-element-eb82513 elementor-section-boxed elementor-section-height-default elementor-section-height-default\" data-id=\"eb82513\" data-element_type=\"section\" data-settings=\"{&quot;background_background&quot;:&quot;classic&quot;}\">\n\t\t\t\t\t\t<div class=\"elementor-container elementor-column-gap-default\">\n\t\t\t\t\t<div class=\"elementor-column elementor-col-33 elementor-top-column elementor-element elementor-element-6a00c95\" data-id=\"6a00c95\" data-element_type=\"column\">\n\t\t\t<div class=\"elementor-widget-wrap elementor-element-populated\">\n\t\t\t\t\t\t<div class=\"elementor-element elementor-element-3313356 elementor-widget elementor-widget-image\" data-id=\"3313356\" data-element_type=\"widget\" data-widget_type=\"image.default\">\n\t\t\t\t\t\t\t\t\t\t\t\t\t\t\t<img decoding=\"async\" width=\"538\" height=\"542\" src=\"https:\/\/sites.icb.ufmg.br\/labnano\/wp-content\/uploads\/2024\/12\/WhatsApp-Image-2024-12-11-at-10.52.19.jpeg\" class=\"attachment-large size-large wp-image-2405\" alt=\"\" srcset=\"https:\/\/sites.icb.ufmg.br\/labnano\/wp-content\/uploads\/2024\/12\/WhatsApp-Image-2024-12-11-at-10.52.19.jpeg 538w, https:\/\/sites.icb.ufmg.br\/labnano\/wp-content\/uploads\/2024\/12\/WhatsApp-Image-2024-12-11-at-10.52.19-298x300.jpeg 298w, https:\/\/sites.icb.ufmg.br\/labnano\/wp-content\/uploads\/2024\/12\/WhatsApp-Image-2024-12-11-at-10.52.19-150x150.jpeg 150w\" sizes=\"(max-width: 538px) 100vw, 538px\" \/>\t\t\t\t\t\t\t\t\t\t\t\t\t\t\t<\/div>\n\t\t\t\t\t<\/div>\n\t\t<\/div>\n\t\t\t\t<div class=\"elementor-column elementor-col-66 elementor-top-column elementor-element elementor-element-4fec6a2\" data-id=\"4fec6a2\" data-element_type=\"column\" data-settings=\"{&quot;background_background&quot;:&quot;classic&quot;}\">\n\t\t\t<div class=\"elementor-widget-wrap elementor-element-populated\">\n\t\t\t\t\t\t<div class=\"elementor-element elementor-element-59524d0 elementor-widget elementor-widget-heading\" data-id=\"59524d0\" data-element_type=\"widget\" data-widget_type=\"heading.default\">\n\t\t\t\t\t<h2 class=\"elementor-heading-title elementor-size-default\">Pedro Augusto Carvalho Costa <\/h2>\t\t\t\t<\/div>\n\t\t\t\t<div class=\"elementor-element elementor-element-d8a7d48 elementor-widget elementor-widget-text-editor\" data-id=\"d8a7d48\" data-element_type=\"widget\" data-widget_type=\"text-editor.default\">\n\t\t\t\t\t\t\t\t\t<p>Forma\u00e7\u00e3o Acad\u00eamica: <span data-sheets-root=\"1\">Ci\u00eancias Biol\u00f3gicas<\/span><\/p><p>Orientador: <span data-sheets-root=\"1\">Pedro Pires Goulart Guimar\u00e3es<\/span><\/p><p>Email: <span data-sheets-root=\"1\">pedroaccosta87@gmail.com<\/span><\/p><p><span data-sheets-root=\"1\">Atuou no desenvolvimento de nanopart\u00edculas lip\u00eddicas de siRNA para silenciamento de CXCL12 modulam a resposta imune cerebral durante a infec\u00e7\u00e3o por Zika.<\/span><\/p>\t\t\t\t\t\t\t\t<\/div>\n\t\t\t\t<div class=\"elementor-element elementor-element-fb7e94f elementor-mobile-align-center elementor-widget elementor-widget-button\" data-id=\"fb7e94f\" data-element_type=\"widget\" data-widget_type=\"button.default\">\n\t\t\t\t\t\t\t\t\t\t<a class=\"elementor-button elementor-button-link elementor-size-sm\" href=\"http:\/\/lattes.cnpq.br\/5174905201561062\" target=\"_blank\">\n\t\t\t\t\t\t<span class=\"elementor-button-content-wrapper\">\n\t\t\t\t\t\t\t\t\t<span class=\"elementor-button-text\">Lattes<\/span>\n\t\t\t\t\t<\/span>\n\t\t\t\t\t<\/a>\n\t\t\t\t\t\t\t\t<\/div>\n\t\t\t\t\t<\/div>\n\t\t<\/div>\n\t\t\t\t\t<\/div>\n\t\t<\/section>\n\t\t\t\t<section class=\"elementor-section elementor-top-section elementor-element elementor-element-6109bb2 elementor-section-boxed elementor-section-height-default elementor-section-height-default\" data-id=\"6109bb2\" data-element_type=\"section\" data-settings=\"{&quot;background_background&quot;:&quot;classic&quot;}\">\n\t\t\t\t\t\t<div class=\"elementor-container elementor-column-gap-default\">\n\t\t\t\t\t<div class=\"elementor-column elementor-col-33 elementor-top-column elementor-element elementor-element-3bd2b8f\" data-id=\"3bd2b8f\" data-element_type=\"column\">\n\t\t\t<div class=\"elementor-widget-wrap elementor-element-populated\">\n\t\t\t\t\t\t<div class=\"elementor-element elementor-element-3cbc8ac elementor-widget elementor-widget-image\" data-id=\"3cbc8ac\" data-element_type=\"widget\" data-widget_type=\"image.default\">\n\t\t\t\t\t\t\t\t\t\t\t\t\t\t\t<img loading=\"lazy\" decoding=\"async\" width=\"768\" height=\"1024\" src=\"https:\/\/sites.icb.ufmg.br\/labnano\/wp-content\/uploads\/2024\/12\/WhatsApp-Image-2024-12-11-at-10.52.20-768x1024.jpeg\" class=\"attachment-large size-large wp-image-2406\" alt=\"\" srcset=\"https:\/\/sites.icb.ufmg.br\/labnano\/wp-content\/uploads\/2024\/12\/WhatsApp-Image-2024-12-11-at-10.52.20-768x1024.jpeg 768w, https:\/\/sites.icb.ufmg.br\/labnano\/wp-content\/uploads\/2024\/12\/WhatsApp-Image-2024-12-11-at-10.52.20-225x300.jpeg 225w, https:\/\/sites.icb.ufmg.br\/labnano\/wp-content\/uploads\/2024\/12\/WhatsApp-Image-2024-12-11-at-10.52.20.jpeg 960w\" sizes=\"(max-width: 768px) 100vw, 768px\" \/>\t\t\t\t\t\t\t\t\t\t\t\t\t\t\t<\/div>\n\t\t\t\t\t<\/div>\n\t\t<\/div>\n\t\t\t\t<div class=\"elementor-column elementor-col-66 elementor-top-column elementor-element elementor-element-a8fd3f5\" data-id=\"a8fd3f5\" data-element_type=\"column\" data-settings=\"{&quot;background_background&quot;:&quot;classic&quot;}\">\n\t\t\t<div class=\"elementor-widget-wrap elementor-element-populated\">\n\t\t\t\t\t\t<div class=\"elementor-element elementor-element-df98d49 elementor-widget elementor-widget-heading\" data-id=\"df98d49\" data-element_type=\"widget\" data-widget_type=\"heading.default\">\n\t\t\t\t\t<h2 class=\"elementor-heading-title elementor-size-default\">Pedro Henrique Dias Moura Prazeres <\/h2>\t\t\t\t<\/div>\n\t\t\t\t<div class=\"elementor-element elementor-element-44a1bc6 elementor-widget elementor-widget-text-editor\" data-id=\"44a1bc6\" data-element_type=\"widget\" data-widget_type=\"text-editor.default\">\n\t\t\t\t\t\t\t\t\t<p>Forma\u00e7\u00e3o Acad\u00eamica: <span data-sheets-root=\"1\">Farm\u00e1cia <\/span><\/p><p>Orientador: <span data-sheets-root=\"1\">Pedro Pires Goulart Guimar\u00e3es<\/span><\/p><p>Email: <span data-sheets-root=\"1\">pedrodiasmp@gmail.com<\/span><\/p><p><span data-sheets-root=\"1\">Atuou no desenvolvimento de uma plataforma de nanopart\u00edculas lip\u00eddicas ioniz\u00e1veis visando imunoterapia do c\u00e2ncer.<\/span><\/p>\t\t\t\t\t\t\t\t<\/div>\n\t\t\t\t<div class=\"elementor-element elementor-element-c1cecab elementor-mobile-align-center elementor-widget elementor-widget-button\" data-id=\"c1cecab\" data-element_type=\"widget\" data-widget_type=\"button.default\">\n\t\t\t\t\t\t\t\t\t\t<a class=\"elementor-button elementor-button-link elementor-size-sm\" href=\"http:\/\/lattes.cnpq.br\/9758083287384493\" target=\"_blank\">\n\t\t\t\t\t\t<span class=\"elementor-button-content-wrapper\">\n\t\t\t\t\t\t\t\t\t<span class=\"elementor-button-text\">Lattes<\/span>\n\t\t\t\t\t<\/span>\n\t\t\t\t\t<\/a>\n\t\t\t\t\t\t\t\t<\/div>\n\t\t\t\t\t<\/div>\n\t\t<\/div>\n\t\t\t\t\t<\/div>\n\t\t<\/section>\n\t\t\t\t<section class=\"elementor-section elementor-top-section elementor-element elementor-element-4f849a1 elementor-section-boxed elementor-section-height-default elementor-section-height-default\" data-id=\"4f849a1\" data-element_type=\"section\" data-settings=\"{&quot;background_background&quot;:&quot;classic&quot;}\">\n\t\t\t\t\t\t<div class=\"elementor-container elementor-column-gap-default\">\n\t\t\t\t\t<div class=\"elementor-column elementor-col-33 elementor-top-column elementor-element elementor-element-b5b5bf1\" data-id=\"b5b5bf1\" data-element_type=\"column\">\n\t\t\t<div class=\"elementor-widget-wrap elementor-element-populated\">\n\t\t\t\t\t\t<div class=\"elementor-element elementor-element-9aaa82c elementor-widget elementor-widget-image\" data-id=\"9aaa82c\" data-element_type=\"widget\" data-widget_type=\"image.default\">\n\t\t\t\t\t\t\t\t\t\t\t\t\t\t\t<img loading=\"lazy\" decoding=\"async\" width=\"254\" height=\"254\" src=\"https:\/\/sites.icb.ufmg.br\/labnano\/wp-content\/uploads\/2024\/12\/WhatsApp-Image-2024-12-11-at-10.52.19-1.jpeg\" class=\"attachment-large size-large wp-image-2407\" alt=\"\" srcset=\"https:\/\/sites.icb.ufmg.br\/labnano\/wp-content\/uploads\/2024\/12\/WhatsApp-Image-2024-12-11-at-10.52.19-1.jpeg 254w, https:\/\/sites.icb.ufmg.br\/labnano\/wp-content\/uploads\/2024\/12\/WhatsApp-Image-2024-12-11-at-10.52.19-1-150x150.jpeg 150w\" sizes=\"(max-width: 254px) 100vw, 254px\" \/>\t\t\t\t\t\t\t\t\t\t\t\t\t\t\t<\/div>\n\t\t\t\t\t<\/div>\n\t\t<\/div>\n\t\t\t\t<div class=\"elementor-column elementor-col-66 elementor-top-column elementor-element elementor-element-a24a051\" data-id=\"a24a051\" data-element_type=\"column\" data-settings=\"{&quot;background_background&quot;:&quot;classic&quot;}\">\n\t\t\t<div class=\"elementor-widget-wrap elementor-element-populated\">\n\t\t\t\t\t\t<div class=\"elementor-element elementor-element-0fb74e6 elementor-widget elementor-widget-heading\" data-id=\"0fb74e6\" data-element_type=\"widget\" data-widget_type=\"heading.default\">\n\t\t\t\t\t<h2 class=\"elementor-heading-title elementor-size-default\">S\u00e9rgio Ricardo Aluotto Scalzo J\u00fanior <\/h2>\t\t\t\t<\/div>\n\t\t\t\t<div class=\"elementor-element elementor-element-e6d3ec9 elementor-widget elementor-widget-text-editor\" data-id=\"e6d3ec9\" data-element_type=\"widget\" data-widget_type=\"text-editor.default\">\n\t\t\t\t\t\t\t\t\t<p>Forma\u00e7\u00e3o Acad\u00eamica: <span data-sheets-root=\"1\">Ci\u00eancias Biol\u00f3gicas e Biomedicina<\/span><\/p><p>Orientador: <span data-sheets-root=\"1\">Pedro Pires Goulart Guimar\u00e3es<\/span><\/p><p>Email: <span data-sheets-root=\"1\">sergiosc1789@gmail.com<\/span><\/p><p><span data-sheets-root=\"1\">Atuou no desenvolvimento de entrega de DNA plasm\u00eddeo mediada por nanopart\u00edculas lip\u00eddicas ioniz\u00e1veis \u200b\u200bem cardiomi\u00f3citos.<\/span><\/p>\t\t\t\t\t\t\t\t<\/div>\n\t\t\t\t<div class=\"elementor-element elementor-element-054d93d elementor-mobile-align-center elementor-widget elementor-widget-button\" data-id=\"054d93d\" data-element_type=\"widget\" data-widget_type=\"button.default\">\n\t\t\t\t\t\t\t\t\t\t<a class=\"elementor-button elementor-button-link elementor-size-sm\" href=\"http:\/\/lattes.cnpq.br\/5719203056999137\" target=\"_blank\">\n\t\t\t\t\t\t<span class=\"elementor-button-content-wrapper\">\n\t\t\t\t\t\t\t\t\t<span class=\"elementor-button-text\">Lattes<\/span>\n\t\t\t\t\t<\/span>\n\t\t\t\t\t<\/a>\n\t\t\t\t\t\t\t\t<\/div>\n\t\t\t\t\t<\/div>\n\t\t<\/div>\n\t\t\t\t\t<\/div>\n\t\t<\/section>\n\t\t\t\t<\/div>\n\t\t","protected":false},"excerpt":{"rendered":"<p>Egressos Ana Carolina Borges de Oliveira Forma\u00e7\u00e3o Acad\u00eamica: Farm\u00e1cia Orientador: Fr\u00e9d\u00e9ric Jean Georges Frez\u00e1rd Email: borgescarolfarma@gmail.com Pesquisou o uso de mol\u00e9culas da fam\u00edlia das porfirinas complexadas com antim\u00f4nio, para avaliar a capacidade de encapsulamento em lipossomas para tratamento das leishmanioses. Lattes Pedro Augusto Carvalho Costa Forma\u00e7\u00e3o Acad\u00eamica: Ci\u00eancias Biol\u00f3gicas Orientador: Pedro Pires Goulart Guimar\u00e3es Email: [&hellip;]<\/p>\n","protected":false},"author":1,"featured_media":0,"parent":0,"menu_order":0,"comment_status":"closed","ping_status":"closed","template":"","meta":{"footnotes":""},"class_list":["post-2416","page","type-page","status-publish","hentry"],"_links":{"self":[{"href":"https:\/\/sites.icb.ufmg.br\/labnano\/wp-json\/wp\/v2\/pages\/2416","targetHints":{"allow":["GET"]}}],"collection":[{"href":"https:\/\/sites.icb.ufmg.br\/labnano\/wp-json\/wp\/v2\/pages"}],"about":[{"href":"https:\/\/sites.icb.ufmg.br\/labnano\/wp-json\/wp\/v2\/types\/page"}],"author":[{"embeddable":true,"href":"https:\/\/sites.icb.ufmg.br\/labnano\/wp-json\/wp\/v2\/users\/1"}],"replies":[{"embeddable":true,"href":"https:\/\/sites.icb.ufmg.br\/labnano\/wp-json\/wp\/v2\/comments?post=2416"}],"version-history":[{"count":22,"href":"https:\/\/sites.icb.ufmg.br\/labnano\/wp-json\/wp\/v2\/pages\/2416\/revisions"}],"predecessor-version":[{"id":3658,"href":"https:\/\/sites.icb.ufmg.br\/labnano\/wp-json\/wp\/v2\/pages\/2416\/revisions\/3658"}],"wp:attachment":[{"href":"https:\/\/sites.icb.ufmg.br\/labnano\/wp-json\/wp\/v2\/media?parent=2416"}],"curies":[{"name":"wp","href":"https:\/\/api.w.org\/{rel}","templated":true}]}}