{"id":636,"date":"2024-05-11T11:10:01","date_gmt":"2024-05-11T14:10:01","guid":{"rendered":"https:\/\/sites.icb.ufmg.br\/labtaxo\/?post_type=artigos_cientificos&#038;p=636"},"modified":"2024-05-11T11:10:01","modified_gmt":"2024-05-11T14:10:01","slug":"genomic-factors-shape-carbon-andnitrogen-metabolic-niche-breadth-acrosssaccharomycotina-yeasts","status":"publish","type":"artigos_cientificos","link":"https:\/\/sites.icb.ufmg.br\/labtaxo\/artigos-cientificos\/genomic-factors-shape-carbon-andnitrogen-metabolic-niche-breadth-acrosssaccharomycotina-yeasts\/","title":{"rendered":"Genomic factors shape carbon andnitrogen metabolic niche breadth acrossSaccharomycotina yeasts"},"content":{"rendered":"\n<p>Algumas esp\u00e9cies s\u00e3o altamente especializadas na utiliza\u00e7\u00e3o de recursos espec\u00edficos ou vivem numa gama restrita de condi\u00e7\u00f5es ambientais. Em contraste, os generalistas t\u00eam amplos nichos ecol\u00f3gicos. Os fatores subjacentes \u00e0 grande varia\u00e7\u00e3o na amplitude de nicho entre as esp\u00e9cies s\u00e3o em grande parte desconhecidos. Opulente\u00a0<em>et al<\/em>\u00a0. investigaram se os especialistas usam recursos de forma mais eficiente do que os generalistas ou se fatores ambientais ou gen\u00f4micos moldam a evolu\u00e7\u00e3o da amplitude do nicho. Utilizando genomas de mais de 1000 esp\u00e9cies de leveduras Saccharomycotina e dados sobre o seu desempenho no crescimento em 24 ambientes diferentes, os autores descobriram que os genes relacionados com as vias metab\u00f3licas tinham a rela\u00e7\u00e3o mais clara com a amplitude do nicho. Houve pouco apoio para a troca \u201cpau para toda obra, mestre de ningu\u00e9m\u201d em todo o subfilo.\u00a0<\/p>\n","protected":false},"excerpt":{"rendered":"<p>Algumas esp\u00e9cies s\u00e3o altamente especializadas na utiliza\u00e7\u00e3o de recursos espec\u00edficos ou vivem numa gama restrita de condi\u00e7\u00f5es ambientais. Em contraste, os generalistas t\u00eam amplos nichos ecol\u00f3gicos. Os fatores subjacentes \u00e0 grande varia\u00e7\u00e3o na amplitude de nicho entre as esp\u00e9cies s\u00e3o em grande parte desconhecidos. Opulente\u00a0et al\u00a0. investigaram se os especialistas usam recursos de forma mais [&hellip;]<\/p>\n","protected":false},"author":2,"featured_media":637,"comment_status":"open","ping_status":"closed","template":"","tipo_de_artigo":[10],"class_list":["post-636","artigos_cientificos","type-artigos_cientificos","status-publish","has-post-thumbnail","hentry","tipo_de_artigo-artigo"],"acf":[],"_links":{"self":[{"href":"https:\/\/sites.icb.ufmg.br\/labtaxo\/wp-json\/wp\/v2\/artigos_cientificos\/636","targetHints":{"allow":["GET"]}}],"collection":[{"href":"https:\/\/sites.icb.ufmg.br\/labtaxo\/wp-json\/wp\/v2\/artigos_cientificos"}],"about":[{"href":"https:\/\/sites.icb.ufmg.br\/labtaxo\/wp-json\/wp\/v2\/types\/artigos_cientificos"}],"author":[{"embeddable":true,"href":"https:\/\/sites.icb.ufmg.br\/labtaxo\/wp-json\/wp\/v2\/users\/2"}],"replies":[{"embeddable":true,"href":"https:\/\/sites.icb.ufmg.br\/labtaxo\/wp-json\/wp\/v2\/comments?post=636"}],"wp:featuredmedia":[{"embeddable":true,"href":"https:\/\/sites.icb.ufmg.br\/labtaxo\/wp-json\/wp\/v2\/media\/637"}],"wp:attachment":[{"href":"https:\/\/sites.icb.ufmg.br\/labtaxo\/wp-json\/wp\/v2\/media?parent=636"}],"wp:term":[{"taxonomy":"tipo_de_artigo","embeddable":true,"href":"https:\/\/sites.icb.ufmg.br\/labtaxo\/wp-json\/wp\/v2\/tipo_de_artigo?post=636"}],"curies":[{"name":"wp","href":"https:\/\/api.w.org\/{rel}","templated":true}]}}

<p>Algumas espécies são altamente especializadas na utilização de recursos específicos ou vivem numa gama restrita de condições ambientais. Em contraste, os generalistas têm amplos nichos ecológicos. Os fatores subjacentes à grande variação na amplitude de nicho entre as espécies são em grande parte desconhecidos. Opulente <em>et al</em> . investigaram se os especialistas usam recursos de forma mais eficiente do que os generalistas ou se fatores ambientais ou genômicos moldam a evolução da amplitude do nicho. Utilizando genomas de mais de 1000 espécies de leveduras Saccharomycotina e dados sobre o seu desempenho no crescimento em 24 ambientes diferentes, os autores descobriram que os genes relacionados com as vias metabólicas tinham a relação mais clara com a amplitude do nicho. Houve pouco apoio para a troca “pau para toda obra, mestre de ninguém” em todo o subfilo. </p>

<p>Algumas espécies são altamente especializadas na utilização de recursos específicos ou vivem numa gama restrita de condições ambientais. Em contraste, os generalistas têm amplos nichos ecológicos. Os fatores subjacentes à grande variação na amplitude de nicho entre as espécies são em grande parte desconhecidos. Opulente et al . investigaram se os especialistas usam recursos de forma mais [&hellip;]</p>
