{"id":1228,"date":"2023-09-13T10:40:34","date_gmt":"2023-09-13T13:40:34","guid":{"rendered":"https:\/\/sites.icb.ufmg.br\/morfologia\/portal\/?page_id=1228"},"modified":"2023-09-13T10:59:15","modified_gmt":"2023-09-13T13:59:15","slug":"curso-de-extensao","status":"publish","type":"page","link":"https:\/\/sites.icb.ufmg.br\/morfologia\/portal\/curso-de-extensao\/","title":{"rendered":"Curso de Extens\u00e3o"},"content":{"rendered":"\n<figure class=\"wp-block-image size-large is-resized\"><img fetchpriority=\"high\" decoding=\"async\" src=\"https:\/\/sites.icb.ufmg.br\/morfologia\/portal\/wp-content\/uploads\/2023\/09\/Departamento-de-Morfologia-SIEX02-1024x144.jpg\" alt=\"\" class=\"wp-image-1220\" style=\"width:1239px;height:173px\" width=\"1239\" height=\"173\"\/><\/figure>\n\n\n\n<figure class=\"wp-block-table\"><table><tbody><tr><td><strong>Registro<\/strong><\/td><td><strong>Tipo<\/strong><strong><\/strong><\/td><td><strong>T\u00edtulo<\/strong><strong><\/strong><\/td><td><strong>Unidade<\/strong><strong><\/strong><\/td><td><strong>Departamento<\/strong><strong><\/strong><\/td><td><strong>Coordenador<\/strong><strong><\/strong><\/td><td><strong>Status<\/strong><strong><\/strong><\/td><\/tr><tr><td>102830<\/td><td>Curso<\/td><td>Doen\u00e7as Neurodegenerativas: da bancada \u00e0 cl\u00ednica<\/td><td>Instituto de Ci\u00eancias Biol\u00f3gicas<\/td><td>Colegiado de P\u00f3s- gradua\u00e7\u00e3o em Neuroci\u00eancias<\/td><td>PAULA LUCIANA SCALZO<\/td><td>Atividade em desenvolvimento<\/td><\/tr><tr><td>101030<\/td><td>Curso<\/td><td>Arte faz bem pra sa\u00fade<\/td><td>Instituto de Ci\u00eancias Biol\u00f3gicas<\/td><td>Departamento de Morfologia<\/td><td>JANICE HENRIQUES DA SILVA AMARAL<\/td><td>Atividade em desenvolvimento<\/td><\/tr><tr><td>101651<\/td><td>Curso<\/td><td>Curso de Extens\u00e3o em Anatomia Dental<\/td><td>Instituto de Ci\u00eancias Biol\u00f3gicas<\/td><td>Departamento de Morfologia<\/td><td>ANTONIO LUIS NETO CUSTODIO<\/td><td>Atividade em desenvolvimento<\/td><\/tr><\/tbody><\/table><\/figure>\n","protected":false},"excerpt":{"rendered":"<p><span class=\"excerpt-hellip\"> [\u2026]<\/span><\/p>\n","protected":false},"author":4,"featured_media":0,"parent":0,"menu_order":0,"comment_status":"closed","ping_status":"closed","template":"","meta":{"_editorskit_title_hidden":false,"_editorskit_reading_time":0,"_editorskit_is_block_options_detached":false,"_editorskit_block_options_position":"{}","footnotes":""},"folder":[],"class_list":["post-1228","page","type-page","status-publish","hentry"],"_links":{"self":[{"href":"https:\/\/sites.icb.ufmg.br\/morfologia\/portal\/wp-json\/wp\/v2\/pages\/1228"}],"collection":[{"href":"https:\/\/sites.icb.ufmg.br\/morfologia\/portal\/wp-json\/wp\/v2\/pages"}],"about":[{"href":"https:\/\/sites.icb.ufmg.br\/morfologia\/portal\/wp-json\/wp\/v2\/types\/page"}],"author":[{"embeddable":true,"href":"https:\/\/sites.icb.ufmg.br\/morfologia\/portal\/wp-json\/wp\/v2\/users\/4"}],"replies":[{"embeddable":true,"href":"https:\/\/sites.icb.ufmg.br\/morfologia\/portal\/wp-json\/wp\/v2\/comments?post=1228"}],"version-history":[{"count":3,"href":"https:\/\/sites.icb.ufmg.br\/morfologia\/portal\/wp-json\/wp\/v2\/pages\/1228\/revisions"}],"predecessor-version":[{"id":1232,"href":"https:\/\/sites.icb.ufmg.br\/morfologia\/portal\/wp-json\/wp\/v2\/pages\/1228\/revisions\/1232"}],"wp:attachment":[{"href":"https:\/\/sites.icb.ufmg.br\/morfologia\/portal\/wp-json\/wp\/v2\/media?parent=1228"}],"wp:term":[{"taxonomy":"folder","embeddable":true,"href":"https:\/\/sites.icb.ufmg.br\/morfologia\/portal\/wp-json\/wp\/v2\/folder?post=1228"}],"curies":[{"name":"wp","href":"https:\/\/api.w.org\/{rel}","templated":true}]}}

Curso de Extensão

<figure class="wp-block-image size-large is-resized"><img fetchpriority="high" decoding="async" src="https://sites.icb.ufmg.br/morfologia/portal/wp-content/uploads/2023/09/Departamento-de-Morfologia-SIEX02-1024x144.jpg" alt="" class="wp-image-1220" style="width:1239px;height:173px" width="1239" height="173"/></figure>



<figure class="wp-block-table"><table><tbody><tr><td><strong>Registro</strong></td><td><strong>Tipo</strong><strong></strong></td><td><strong>Título</strong><strong></strong></td><td><strong>Unidade</strong><strong></strong></td><td><strong>Departamento</strong><strong></strong></td><td><strong>Coordenador</strong><strong></strong></td><td><strong>Status</strong><strong></strong></td></tr><tr><td>102830</td><td>Curso</td><td>Doenças Neurodegenerativas: da bancada à clínica</td><td>Instituto de Ciências Biológicas</td><td>Colegiado de Pós- graduação em Neurociências</td><td>PAULA LUCIANA SCALZO</td><td>Atividade em desenvolvimento</td></tr><tr><td>101030</td><td>Curso</td><td>Arte faz bem pra saúde</td><td>Instituto de Ciências Biológicas</td><td>Departamento de Morfologia</td><td>JANICE HENRIQUES DA SILVA AMARAL</td><td>Atividade em desenvolvimento</td></tr><tr><td>101651</td><td>Curso</td><td>Curso de Extensão em Anatomia Dental</td><td>Instituto de Ciências Biológicas</td><td>Departamento de Morfologia</td><td>ANTONIO LUIS NETO CUSTODIO</td><td>Atividade em desenvolvimento</td></tr></tbody></table></figure>
