{"id":1053,"date":"2020-10-13T23:06:13","date_gmt":"2020-10-14T02:06:13","guid":{"rendered":"https:\/\/sites.icb.ufmg.br\/pginovacao\/?page_id=1053"},"modified":"2024-12-02T10:47:23","modified_gmt":"2024-12-02T13:47:23","slug":"disciplinas","status":"publish","type":"page","link":"https:\/\/sites.icb.ufmg.br\/pginovacao\/index.php\/informacoes\/disciplinas\/","title":{"rendered":"Disciplinas"},"content":{"rendered":"<h1><\/h1>\n<h1 class=\"western\"><a href=\"https:\/\/sites.icb.ufmg.br\/pginovacao\/index.php\/disciplinas-isoladas\/\" target=\"_blank\" rel=\"noopener\">Disciplinas Isoladas<\/a><\/h1>\n<p>\u00c9 a matr\u00edcula, permitida a qualquer pessoa n\u00e3o pertencente ao corpo discente da UFMG, em disciplinas isoladas integrantes dos curr\u00edculos dos cursos de gradua\u00e7\u00e3o e de p\u00f3s-gradua\u00e7\u00e3o, para complementa\u00e7\u00e3o ou atualiza\u00e7\u00e3o de conhecimento. Para mais informa\u00e7\u00f5es acesse: https:\/\/www2.ufmg.br\/drca\/drca\/Home\/Pos-Graduacao\/Disciplina-Isolada<\/p>\n<p>&nbsp;<\/p>\n<hr \/>\n<h1 class=\"western\"><a href=\"https:\/\/sites.icb.ufmg.br\/pginovacao\/index.php\/disciplinas-ofertadas\/\" target=\"_blank\" rel=\"noopener\">Oferta Semestral<\/a><\/h1>\n<p>As disciplinas do Mestrado poder\u00e3o ser ministradas na modalidade presencial, sob a forma de tutorial, prele\u00e7\u00f5es, semin\u00e1rio, discuss\u00e3o em grupo, trabalhos pr\u00e1ticos ou outros procedimentos did\u00e1ticos peculiares \u00e0 \u00e1rea de conhecimento.<\/p>\n<p>&nbsp;<\/p>\n<hr \/>\n<h1 class=\"western\"><a href=\"https:\/\/sites.icb.ufmg.br\/pginovacao\/index.php\/grade-curricular\/\" target=\"_blank\" rel=\"noopener\">Grade Curricular<\/a><\/h1>\n<p>A estrutura curricular do curso de Mestrado ser\u00e1 definida por \u00e1rea de concentra\u00e7\u00e3o: Propriedade Intelectual (03), Gest\u00e3o da Inova\u00e7\u00e3o e Empreendedorismo (04) e Inova\u00e7\u00e3o Biofarmac\u00eautica e Tecnol\u00f3gica (05). Ademais, as disciplinas ser\u00e3o classificadas como optativas (OP) ou obrigat\u00f3rias (OB). O curso exige integraliza\u00e7\u00e3o de 25 cr\u00e9ditos.<\/p>\n","protected":false},"excerpt":{"rendered":"<p>Disciplinas Isoladas \u00c9 a matr\u00edcula, permitida a qualquer pessoa n\u00e3o pertencente ao corpo discente da UFMG, em disciplinas isoladas integrantes dos curr\u00edculos dos cursos de gradua\u00e7\u00e3o e de p\u00f3s-gradua\u00e7\u00e3o, para [&hellip;]<\/p>\n","protected":false},"author":4,"featured_media":0,"parent":71,"menu_order":1,"comment_status":"closed","ping_status":"closed","template":"","meta":{"_price":"","_stock":"","_tribe_ticket_header":"","_tribe_default_ticket_provider":"","_tribe_ticket_capacity":"0","_ticket_start_date":"","_ticket_end_date":"","_tribe_ticket_show_description":"","_tribe_ticket_show_not_going":false,"_tribe_ticket_use_global_stock":"","_tribe_ticket_global_stock_level":"","_global_stock_mode":"","_global_stock_cap":"","_tribe_rsvp_for_event":"","_tribe_ticket_going_count":"","_tribe_ticket_not_going_count":"","_tribe_tickets_list":"[]","_tribe_ticket_has_attendee_info_fields":false,"footnotes":"","_tec_slr_enabled":"","_tec_slr_layout":""},"class_list":["post-1053","page","type-page","status-publish","hentry"],"ticketed":false,"_links":{"self":[{"href":"https:\/\/sites.icb.ufmg.br\/pginovacao\/index.php\/wp-json\/wp\/v2\/pages\/1053","targetHints":{"allow":["GET"]}}],"collection":[{"href":"https:\/\/sites.icb.ufmg.br\/pginovacao\/index.php\/wp-json\/wp\/v2\/pages"}],"about":[{"href":"https:\/\/sites.icb.ufmg.br\/pginovacao\/index.php\/wp-json\/wp\/v2\/types\/page"}],"author":[{"embeddable":true,"href":"https:\/\/sites.icb.ufmg.br\/pginovacao\/index.php\/wp-json\/wp\/v2\/users\/4"}],"replies":[{"embeddable":true,"href":"https:\/\/sites.icb.ufmg.br\/pginovacao\/index.php\/wp-json\/wp\/v2\/comments?post=1053"}],"version-history":[{"count":54,"href":"https:\/\/sites.icb.ufmg.br\/pginovacao\/index.php\/wp-json\/wp\/v2\/pages\/1053\/revisions"}],"predecessor-version":[{"id":4425,"href":"https:\/\/sites.icb.ufmg.br\/pginovacao\/index.php\/wp-json\/wp\/v2\/pages\/1053\/revisions\/4425"}],"up":[{"embeddable":true,"href":"https:\/\/sites.icb.ufmg.br\/pginovacao\/index.php\/wp-json\/wp\/v2\/pages\/71"}],"wp:attachment":[{"href":"https:\/\/sites.icb.ufmg.br\/pginovacao\/index.php\/wp-json\/wp\/v2\/media?parent=1053"}],"curies":[{"name":"wp","href":"https:\/\/api.w.org\/{rel}","templated":true}]}}