{"id":376,"date":"2020-03-11T12:31:53","date_gmt":"2020-03-11T15:31:53","guid":{"rendered":"https:\/\/sites.icb.ufmg.br\/pginovacao\/?page_id=376"},"modified":"2026-04-13T10:39:37","modified_gmt":"2026-04-13T13:39:37","slug":"colegiado","status":"publish","type":"page","link":"https:\/\/sites.icb.ufmg.br\/pginovacao\/index.php\/colegiado\/","title":{"rendered":"Colegiado"},"content":{"rendered":"<p>A coordena\u00e7\u00e3o did\u00e1tica do curso ser\u00e1 exercida por um Colegiado especifico, que ser\u00e1 constitu\u00eddo pelo Coordenador do Curso de Mestrado Profissional; pelo sub-coordenador do curso de Mestrado Profissional; pelo Coordenador Geral do Programa; por professores do corpo docente permanente do curso e pertencente ao quadro efetivo ativo da UFMG, tendo tr\u00eas representantes de cada \u00e1rea de concentra\u00e7\u00e3o do curso e por representante discente, observado o disposto no Regimento Geral da UFMG.<\/p>\n<p style=\"text-align: center;\"><strong>Mandatos Vigentes<\/strong><\/p>\n<table width=\"643\" cellspacing=\"0\" cellpadding=\"2\">\n<tbody>\n<tr>\n<td width=\"97\">\n<p align=\"center\">\u00a0NOME<\/p>\n<\/td>\n<td width=\"112\">\n<p align=\"center\">SUPLENTE<\/p>\n<\/td>\n<td width=\"108\">\n<p align=\"center\">CATEGORIA<\/p>\n<\/td>\n<td width=\"120\">\n<p align=\"center\">\u00c1REA<\/p>\n<\/td>\n<td width=\"90\">\n<p align=\"center\">IN\u00cdCIO DO MANDATO<\/p>\n<\/td>\n<td width=\"91\">\n<p align=\"center\">FIM DO MANDATO<\/p>\n<\/td>\n<\/tr>\n<tr>\n<td width=\"97\">\n<p align=\"center\">\u00a0Carlos Alberto Tagliati<\/p>\n<\/td>\n<td width=\"112\">\n<p align=\"center\">N\u00e3o se aplica<\/p>\n<\/td>\n<td width=\"108\">\n<p align=\"center\">Coordenador<\/p>\n<\/td>\n<td width=\"120\">\n<p align=\"center\">Gest\u00e3o da Inov. e Empreend.<\/p>\n<\/td>\n<td width=\"90\">\n<p align=\"center\">09\/04\/2024<\/p>\n<\/td>\n<td width=\"91\">\n<p align=\"center\">09\/04\/2026<\/p>\n<\/td>\n<\/tr>\n<tr>\n<td width=\"97\">\n<p align=\"center\">Francisco Vidal Barbosa<\/p>\n<\/td>\n<td width=\"112\">\n<p align=\"center\">Fabr\u00edcio Bertini Pasquot Polido<\/p>\n<\/td>\n<td width=\"108\">\n<p align=\"center\">\u00a0Rep. docente<\/p>\n<\/td>\n<td width=\"120\">\n<p align=\"center\">Gest\u00e3o da Inov. e Empreend.<\/p>\n<\/td>\n<td width=\"90\">\n<p align=\"center\">08\/04\/2026<\/p>\n<\/td>\n<td width=\"91\">\n<p align=\"center\">08\/04\/2028<\/p>\n<\/td>\n<\/tr>\n<tr>\n<td width=\"97\">\n<p align=\"center\">Adriano Borges da Cunha<\/p>\n<\/td>\n<td width=\"112\">\n<p align=\"center\">Lucas Vin\u00edcius Ribeiro Alves<\/p>\n<\/td>\n<td width=\"108\">\n<p align=\"center\">\u00a0Rep. docente<\/p>\n<\/td>\n<td width=\"120\">\n<p align=\"center\">Inov. Biofarmac\u00eautica e Tecnol\u00f3gica<\/p>\n<\/td>\n<td width=\"90\">\n<p align=\"center\">08\/04\/2026<\/p>\n<\/td>\n<td width=\"91\">\n<p align=\"center\">08\/04\/2028<\/p>\n<\/td>\n<\/tr>\n<tr>\n<td width=\"97\">\n<p align=\"center\">Ana Val\u00e9ria Carneiro Dias<\/p>\n<\/td>\n<td width=\"112\">\n<p align=\"center\">Rafael Augusto Seixas Reis de<br \/>\nPaula<\/p>\n<\/td>\n<td width=\"108\">\n<p align=\"center\">Rep. docente<\/p>\n<\/td>\n<td width=\"120\">\n<p align=\"center\">Gest\u00e3o da Inov. e Empreend.<\/p>\n<\/td>\n<td width=\"90\">\n<p align=\"center\">08\/04\/2026<\/p>\n<\/td>\n<td width=\"91\">\n<p align=\"center\">08\/04\/2028<\/p>\n<\/td>\n<\/tr>\n<tr>\n<td width=\"97\">\n<p style=\"text-align: center;\" align=\"center\">Raoni Barros Bagno<\/p>\n<\/td>\n<td style=\"text-align: center;\" width=\"112\">\n<p align=\"center\">Erico Franco Mineiro<\/p>\n<\/td>\n<td style=\"text-align: center;\" width=\"108\">\n<p align=\"center\">Rep. docente<\/p>\n<\/td>\n<td style=\"text-align: center;\" width=\"120\">\n<p align=\"center\">Gest\u00e3o da Inov. e Empreend<\/p>\n<\/td>\n<td style=\"text-align: center;\" width=\"90\">\n<p align=\"center\">08\/04\/2026<\/p>\n<\/td>\n<td style=\"text-align: center;\" width=\"90\">08\/04\/2028<\/td>\n<\/tr>\n<\/tbody>\n<\/table>\n<p>&nbsp;<\/p>\n<p style=\"text-align: center;\"><strong>Mandatos Vencidos<\/strong><\/p>\n<p>&nbsp;<\/p>\n<table width=\"643\" cellspacing=\"0\" cellpadding=\"2\">\n<tbody>\n<tr>\n<td width=\"147\">\n<p align=\"center\">NOME<\/p>\n<\/td>\n<td width=\"108\">\n<p align=\"center\">CATEGORIA<\/p>\n<\/td>\n<td width=\"152\">\n<p align=\"center\">\u00c1REA<\/p>\n<\/td>\n<td width=\"110\">\n<p align=\"center\">IN\u00cdCIO DO MANDATO<\/p>\n<\/td>\n<td width=\"106\">\n<p align=\"center\">FIM DO MANDATO<\/p>\n<\/td>\n<\/tr>\n<tr>\n<td width=\"97\">\n<p align=\"center\">Francisco Vidal Barbosa<\/p>\n<\/td>\n<td width=\"112\">\n<p align=\"center\">Subcoordenador<\/p>\n<\/td>\n<td width=\"108\">\n<p align=\"center\">Gest\u00e3o da Inov. e Empreend.<\/p>\n<\/td>\n<td width=\"120\">\n<p align=\"center\">09\/04\/2024<\/p>\n<\/td>\n<td width=\"90\">\n<p align=\"center\">09\/04\/2026<\/p>\n<\/td>\n<\/tr>\n<tr>\n<td width=\"97\">\n<p align=\"center\">Adriano Borges da Cunha<\/p>\n<\/td>\n<td width=\"112\">\n<p align=\"center\">Rep. docente<\/p>\n<\/td>\n<td width=\"108\">\n<p align=\"center\">Inov. Biofarmac\u00eautica e Tecnol\u00f3gica<\/p>\n<\/td>\n<td width=\"120\">\n<p align=\"center\">28\/06\/2024<\/p>\n<\/td>\n<td width=\"90\">\n<p align=\"center\">27\/03\/2026<\/p>\n<\/td>\n<\/tr>\n<tr>\n<td width=\"97\">\n<p align=\"center\">Ana Val\u00e9ria Carneiro Dias<\/p>\n<\/td>\n<td width=\"112\">\n<p align=\"center\">Rep. docente<\/p>\n<\/td>\n<td width=\"108\">\n<p align=\"center\">Gest\u00e3o da Inov. e Empreend.<\/p>\n<\/td>\n<td width=\"120\">\n<p align=\"center\">28\/06\/2024<\/p>\n<\/td>\n<td width=\"90\">\n<p align=\"center\">27\/03\/2026<\/p>\n<\/td>\n<\/tr>\n<tr>\n<td width=\"97\">\n<p align=\"center\">Raoni Barros Bagno<\/p>\n<\/td>\n<td width=\"112\">\n<p align=\"center\">Rep. docente<\/p>\n<\/td>\n<td width=\"108\">\n<p align=\"center\">Gest\u00e3o da Inov. e Empreend<\/p>\n<\/td>\n<td width=\"120\">\n<p align=\"center\">28\/06\/2024<\/p>\n<\/td>\n<td width=\"90\">\n<p align=\"center\">27\/03\/2026<\/p>\n<\/td>\n<\/tr>\n<tr>\n<td width=\"97\">\n<p align=\"center\">ANDRE AUGUSTO GOMES FARACO<\/p>\n<\/td>\n<td width=\"112\">\n<p align=\"center\">Rep. doc<\/p>\n<\/td>\n<td width=\"108\">\n<p align=\"center\">Gest\u00e3o da Inov. e Empreend.<\/p>\n<\/td>\n<td width=\"120\">\n<p align=\"center\">27\/03\/2024<\/p>\n<\/td>\n<td width=\"90\">\n<p align=\"center\">27\/03\/2026<\/p>\n<\/td>\n<\/tr>\n<tr>\n<td style=\"text-align: center;\" width=\"147\">Mar\u00eda Esperanza Cort\u00e9s S.<\/td>\n<td style=\"text-align: center;\" width=\"108\">Rep. doc<\/td>\n<td style=\"text-align: center;\" width=\"152\">Inov. Biofarmac\u00eautica e Tecnol\u00f3gica<\/td>\n<td style=\"text-align: center;\" width=\"110\">27\/03\/2024<\/td>\n<td style=\"text-align: center;\" width=\"106\">27\/03\/2026<\/td>\n<\/tr>\n<tr>\n<td style=\"text-align: center;\" width=\"147\">\n<p align=\"center\">Ana Val\u00e9ria Carneiro Dias<\/p>\n<\/td>\n<td style=\"text-align: center;\" width=\"108\">\n<p align=\"center\">Rep. doc<\/p>\n<\/td>\n<td width=\"152\">\n<p style=\"text-align: center;\" align=\"center\">Gest\u00e3o da Inov. e Empreend<\/p>\n<\/td>\n<td width=\"110\">\n<p align=\"center\">17\/12\/2021<\/p>\n<\/td>\n<td width=\"106\">\n<p align=\"center\">16\/12\/2023<\/p>\n<\/td>\n<\/tr>\n<tr>\n<td width=\"147\">\n<p align=\"center\">Renata Simoes Guimaraes e Borges<\/p>\n<\/td>\n<td width=\"108\">\n<p align=\"center\">Rep. doc<\/p>\n<\/td>\n<td width=\"152\">\n<p align=\"center\">Gest\u00e3o da Inov. e Empreend<\/p>\n<\/td>\n<td width=\"110\">\n<p align=\"center\">17\/12\/2021<\/p>\n<\/td>\n<td width=\"106\">\n<p align=\"center\">16\/12\/2023<\/p>\n<\/td>\n<\/tr>\n<tr>\n<td width=\"147\">\n<p align=\"center\">Francisco Vidal Barbosa<\/p>\n<\/td>\n<td width=\"108\">\n<p align=\"center\">Rep. doc<\/p>\n<\/td>\n<td width=\"152\">\n<p align=\"center\">Gest\u00e3o da Inov. e Empreend.<\/p>\n<\/td>\n<td width=\"110\">\n<p align=\"center\">17\/12\/2021<\/p>\n<\/td>\n<td width=\"106\">\n<p align=\"center\">16\/12\/2023<\/p>\n<\/td>\n<\/tr>\n<tr>\n<td width=\"147\">\n<p align=\"center\">\u00a0Raoni Barros Bagno<\/p>\n<\/td>\n<td width=\"108\">\n<p align=\"center\">Subcoordenador<\/p>\n<\/td>\n<td width=\"152\">\n<p align=\"center\">Gest\u00e3o da Inov. e Empreend.<\/p>\n<\/td>\n<td width=\"110\">\n<p align=\"center\">06\/12\/2021<\/p>\n<\/td>\n<td width=\"106\">\n<p align=\"center\">09\/04\/2024<\/p>\n<\/td>\n<\/tr>\n<tr>\n<td width=\"147\">\n<p align=\"center\">\u00a0Fabr\u00edcio Bertini P. Polido<\/p>\n<\/td>\n<td width=\"108\">\n<p align=\"center\">Rep. doc<\/p>\n<\/td>\n<td width=\"152\">\n<p align=\"center\">Propriedade Intelectual<\/p>\n<\/td>\n<td width=\"110\">\n<p align=\"center\">\u00a027\/11\/2019<\/p>\n<\/td>\n<td width=\"106\">\n<p align=\"center\">26\/11\/2021<\/p>\n<\/td>\n<\/tr>\n<tr>\n<td width=\"147\">\n<p align=\"center\">Rub\u00e9n Dario Sinisterra M.<\/p>\n<\/td>\n<td width=\"108\">\n<p align=\"center\">Rep. doc<\/p>\n<\/td>\n<td width=\"152\">\n<p align=\"center\">Inov. Biofarmac\u00eautica e Tecnol\u00f3gica<\/p>\n<\/td>\n<td width=\"110\">\n<p align=\"center\">\u00a027\/11\/2019<\/p>\n<\/td>\n<td width=\"106\">\n<p align=\"center\">26\/11\/2021<\/p>\n<\/td>\n<\/tr>\n<tr>\n<td width=\"147\">\n<p align=\"center\">Fr\u00e9d\u00e9ric Jean G. Fr\u00e9zard<\/p>\n<\/td>\n<td width=\"108\">\n<p align=\"center\">Rep. doc<\/p>\n<\/td>\n<td width=\"152\">\n<p align=\"center\">Inov. Biofarmac\u00eautica e Tecnol\u00f3gica<\/p>\n<\/td>\n<td width=\"110\">\n<p align=\"center\">\u00a027\/11\/2019<\/p>\n<\/td>\n<td width=\"106\">\n<p align=\"center\">26\/11\/2021<\/p>\n<\/td>\n<\/tr>\n<tr>\n<td width=\"147\">\n<p align=\"center\">Carlos Alberto Tagliati<\/p>\n<\/td>\n<td width=\"108\">\n<p align=\"center\">Rep. docente<\/p>\n<\/td>\n<td width=\"152\">\n<p align=\"center\">Gest\u00e3o da Inov. e Empreend.<\/p>\n<\/td>\n<td width=\"110\">\n<p align=\"center\">\u00a027\/11\/2019<\/p>\n<\/td>\n<td width=\"106\">\n<p align=\"center\">26\/11\/2021<\/p>\n<\/td>\n<\/tr>\n<tr>\n<td width=\"147\">\n<p align=\"center\">Renata Sim\u00f5es G. Borges<\/p>\n<\/td>\n<td width=\"108\">\n<p align=\"center\">Rep. docente<\/p>\n<\/td>\n<td width=\"152\">\n<p align=\"center\">Gest\u00e3o da Inov. e Empreend.<\/p>\n<\/td>\n<td width=\"110\">\n<p align=\"center\">\u00a027\/11\/2019<\/p>\n<\/td>\n<td width=\"106\">\n<p align=\"center\">26\/11\/2021<\/p>\n<\/td>\n<\/tr>\n<tr>\n<td width=\"147\">\n<p align=\"center\">M\u00e1rcia Sigueira Rapini<\/p>\n<\/td>\n<td width=\"108\">\n<p align=\"center\">\u00a0Rep. docente<\/p>\n<\/td>\n<td width=\"152\">\n<p align=\"center\">Gest\u00e3o da Inov. e Empreend.<\/p>\n<\/td>\n<td width=\"110\">\n<p align=\"center\">\u00a027\/11\/2019<\/p>\n<\/td>\n<td width=\"106\">\n<p align=\"center\">26\/11\/2021<\/p>\n<\/td>\n<\/tr>\n<tr>\n<td width=\"147\">\n<p align=\"center\">Francisco Vidal Barbosa<\/p>\n<\/td>\n<td width=\"108\">\n<p align=\"center\">Subcoord.<\/p>\n<\/td>\n<td width=\"152\">\n<p align=\"center\">Gest\u00e3o da Inov. e Empreend.<\/p>\n<\/td>\n<td width=\"110\">\n<p align=\"center\">24\/04\/2019<\/p>\n<\/td>\n<td width=\"106\">\n<p align=\"center\">02\/12\/2021<\/p>\n<\/td>\n<\/tr>\n<tr>\n<td width=\"147\">\n<p align=\"center\">Mar\u00eda Esperanza Cort\u00e9s S.<\/p>\n<\/td>\n<td width=\"108\">\n<p align=\"center\">\u00a0Coordenadora<\/p>\n<\/td>\n<td width=\"152\">\n<p align=\"center\">Inov. Biofarmac\u00eautica e Tecnol\u00f3gica<\/p>\n<\/td>\n<td width=\"110\">\n<p align=\"center\">03\/12\/2019<\/p>\n<\/td>\n<td width=\"106\">\n<p align=\"center\">02\/12\/2021<\/p>\n<\/td>\n<\/tr>\n<tr>\n<td width=\"147\">\n<p align=\"center\">\u00a0Carlos Alberto Tagliati<\/p>\n<\/td>\n<td width=\"108\">\n<p align=\"center\">Rep. docente<\/p>\n<\/td>\n<td width=\"152\">\n<p align=\"center\">Gest\u00e3o da Inov. e Empreend.<\/p>\n<\/td>\n<td width=\"110\">\n<p align=\"center\">\u00a028\/11\/2015<\/p>\n<\/td>\n<td width=\"106\">\n<p align=\"center\">27\/11\/2016<\/p>\n<\/td>\n<\/tr>\n<tr>\n<td width=\"147\">\n<p align=\"center\">Elaine de S. Fagundes<\/p>\n<\/td>\n<td width=\"108\">\n<p align=\"center\">Rep. docente<\/p>\n<\/td>\n<td width=\"152\">\n<p align=\"center\">Inov. Biofarmac\u00eautica e Tecnol\u00f3gica<\/p>\n<\/td>\n<td width=\"110\">\n<p align=\"center\">\u00a030\/11\/2013<\/p>\n<\/td>\n<td width=\"106\">\n<p align=\"center\">\u00a029\/11\/2015<\/p>\n<\/td>\n<\/tr>\n<tr>\n<td width=\"147\">\n<p align=\"center\">\u00a0Fabr\u00edcio B.Pasquot Polido<\/p>\n<\/td>\n<td width=\"108\">\n<p align=\"center\">Rep. docente<\/p>\n<\/td>\n<td width=\"152\">\n<p align=\"center\">Propriedade intelectual<\/p>\n<\/td>\n<td width=\"110\">\n<p align=\"center\">\u00a028\/11\/2015<\/p>\n<\/td>\n<td width=\"106\">\n<p align=\"center\">27\/11\/2016<\/p>\n<\/td>\n<\/tr>\n<tr>\n<td width=\"147\">\n<p align=\"center\">\u00a0Maria Esperanza Cortes<\/p>\n<\/td>\n<td width=\"108\">\n<p align=\"center\">Rep. docente<\/p>\n<\/td>\n<td width=\"152\">\n<p align=\"center\">Inov. Biofarmac\u00eautica e Tecnol\u00f3gica<\/p>\n<\/td>\n<td width=\"110\">\n<p align=\"center\">28\/11\/2015<\/p>\n<\/td>\n<td width=\"106\">\n<p align=\"center\">27\/11\/2016<\/p>\n<\/td>\n<\/tr>\n<tr>\n<td width=\"147\">\n<p align=\"center\">Jesse Barbosa A. de Morais<\/p>\n<\/td>\n<td width=\"108\">\n<p align=\"center\">Rep.\u00a0discente<\/p>\n<\/td>\n<td width=\"152\">\n<p align=\"center\">&#8211;<\/p>\n<\/td>\n<td width=\"110\">\n<p align=\"center\">30\/11\/2014<\/p>\n<\/td>\n<td width=\"106\">\n<p align=\"center\">30\/11\/2015<\/p>\n<\/td>\n<\/tr>\n<tr>\n<td width=\"147\">\n<p align=\"center\">\u00a0Aziz Tuffi Saliba<\/p>\n<\/td>\n<td width=\"108\">\n<p align=\"center\">\u00a0Rep. docente<\/p>\n<\/td>\n<td width=\"152\">\n<p align=\"center\">Propriedade intelectual<\/p>\n<\/td>\n<td width=\"110\">\n<p align=\"center\">28\/01\/2015<\/p>\n<\/td>\n<td width=\"106\">\n<p align=\"center\">27\/11\/2017<\/p>\n<\/td>\n<\/tr>\n<tr>\n<td width=\"147\">\n<p align=\"center\">\u00a0Michel C. de Souza<\/p>\n<\/td>\n<td width=\"108\">\n<p align=\"center\">\u00a0Rep. discente<\/p>\n<\/td>\n<td width=\"152\">\n<p align=\"center\">&#8211;<\/p>\n<\/td>\n<td width=\"110\">\n<p align=\"center\">17\/05\/2016<\/p>\n<\/td>\n<td width=\"106\">\n<p align=\"center\">16\/05\/2017<\/p>\n<\/td>\n<\/tr>\n<tr>\n<td width=\"147\">\n<p align=\"center\">\u00a0Francisco A. Lima<\/p>\n<\/td>\n<td width=\"108\">\n<p align=\"center\">\u00a0Sub-coord.<\/p>\n<\/td>\n<td width=\"152\">\n<p align=\"center\">&#8211;<\/p>\n<\/td>\n<td width=\"110\">\n<p align=\"center\">25\/09\/2015<\/p>\n<\/td>\n<td width=\"106\">\n<p align=\"center\">25\/09\/2017<\/p>\n<\/td>\n<\/tr>\n<tr>\n<td width=\"147\">\n<p align=\"center\">\u00a0Raoni Barros Bagno<\/p>\n<\/td>\n<td width=\"108\">\n<p align=\"center\">Rep. docente<\/p>\n<\/td>\n<td width=\"152\">\n<p align=\"center\">Gest\u00e3o da Inov. e Empreend.<\/p>\n<\/td>\n<td width=\"110\">\n<p align=\"center\">\u00a015\/06\/2016<\/p>\n<\/td>\n<td width=\"106\">\n<p align=\"center\">28\/08\/2017<\/p>\n<\/td>\n<\/tr>\n<tr>\n<td width=\"147\">\n<p align=\"center\">\u00a0Adriano M. Pimenta<\/p>\n<\/td>\n<td width=\"108\">\n<p align=\"center\">Rep. docente<\/p>\n<\/td>\n<td width=\"152\">\n<p align=\"center\">Inov. Biofarmac\u00eautica e Tecnol\u00f3gica<\/p>\n<\/td>\n<td width=\"110\">\n<p align=\"center\">28\/01\/2015<\/p>\n<\/td>\n<td width=\"106\">\n<p align=\"center\">27\/11\/2017<\/p>\n<\/td>\n<\/tr>\n<tr>\n<td width=\"147\">\n<p align=\"center\">Francisco Vidal Barbosa<\/p>\n<\/td>\n<td width=\"108\">\n<p align=\"center\">Rep. docente<\/p>\n<\/td>\n<td width=\"152\">\n<p align=\"center\">Gest\u00e3o da Inov. e Empreend.<\/p>\n<\/td>\n<td width=\"110\">\n<p align=\"center\">28\/01\/2015<\/p>\n<\/td>\n<td width=\"106\">\n<p align=\"center\">27\/11\/2017<\/p>\n<\/td>\n<\/tr>\n<tr>\n<td width=\"147\">\n<p align=\"center\">Maria Jos\u00e9 C. dos Santos<\/p>\n<\/td>\n<td width=\"108\">\n<p align=\"center\">Rep. docente<\/p>\n<\/td>\n<td width=\"152\">\n<p align=\"center\">Inov. Biofarmac\u00eautica e Tecnol\u00f3gica<\/p>\n<\/td>\n<td width=\"110\">\n<p align=\"center\">28\/01\/2015<\/p>\n<\/td>\n<td width=\"106\">\n<p align=\"center\">27\/11\/2017<\/p>\n<\/td>\n<\/tr>\n<tr>\n<td width=\"147\">\n<p align=\"center\">\u00a0Ruben D. Sinisterra<\/p>\n<\/td>\n<td width=\"108\">\n<p align=\"center\">Rep. docente<\/p>\n<\/td>\n<td width=\"152\">\n<p align=\"center\">Propriedade intelectual<\/p>\n<\/td>\n<td width=\"110\">\n<p align=\"center\">28\/01\/2015<\/p>\n<\/td>\n<td width=\"106\">\n<p align=\"center\">27\/11\/2017<\/p>\n<\/td>\n<\/tr>\n<tr>\n<td width=\"147\">\n<p align=\"center\">Miriam Teresa Paz Lopes<\/p>\n<\/td>\n<td width=\"108\">\n<p align=\"center\">Coord. Geral<\/p>\n<\/td>\n<td width=\"152\">\n<p align=\"center\">&#8211;<\/p>\n<\/td>\n<td width=\"110\">\n<p align=\"center\">22\/01\/2016<\/p>\n<\/td>\n<td width=\"106\">\n<p align=\"center\">\u00a021\/01\/2018<\/p>\n<\/td>\n<\/tr>\n<tr>\n<td width=\"147\">\n<p align=\"center\">Mar\u00eda E. Cort\u00e9s Segura<\/p>\n<\/td>\n<td width=\"108\">\n<p align=\"center\">Rep. docente<\/p>\n<\/td>\n<td width=\"152\">\n<p align=\"center\">Inov. Tecnol\u00f3gica e Biofarmac\u00eautica<\/p>\n<\/td>\n<td width=\"110\">\n<p align=\"center\">11\/05\/2017<\/p>\n<\/td>\n<td width=\"106\">\n<p align=\"center\">10\/05\/2019<\/p>\n<\/td>\n<\/tr>\n<tr>\n<td width=\"147\">\n<p align=\"center\">Raoni Barros Bagno<\/p>\n<\/td>\n<td width=\"108\">\n<p align=\"center\">Subcoord.<\/p>\n<\/td>\n<td width=\"152\">\n<p align=\"center\">&#8211;<\/p>\n<\/td>\n<td width=\"110\">\n<p align=\"center\">29\/08\/2017<\/p>\n<\/td>\n<td width=\"106\">\n<p align=\"center\">01\/02\/2019<\/p>\n<\/td>\n<\/tr>\n<tr>\n<td width=\"147\">\n<p align=\"center\">Fr\u00e9d\u00e9ric Jean G. Fr\u00e9zard<\/p>\n<\/td>\n<td width=\"108\">\n<p align=\"center\">Coordenador<\/p>\n<\/td>\n<td width=\"152\">\n<p align=\"center\">&#8211;<\/p>\n<\/td>\n<td width=\"110\">\n<p align=\"center\">28\/08\/2017<\/p>\n<\/td>\n<td width=\"106\">\n<p align=\"center\">27\/08\/2019<\/p>\n<\/td>\n<\/tr>\n<tr>\n<td width=\"147\">\n<p align=\"center\">Francisco Vidal Barbosa<\/p>\n<\/td>\n<td width=\"108\">\n<p align=\"center\">Rep. docente<\/p>\n<\/td>\n<td width=\"152\">\n<p align=\"center\">Gest\u00e3o da Inova\u00e7\u00e3o e Empreend.<\/p>\n<\/td>\n<td width=\"110\">\n<p align=\"center\">28\/11\/2017<\/p>\n<\/td>\n<td width=\"106\">\n<p align=\"center\">27\/11\/2019<\/p>\n<\/td>\n<\/tr>\n<tr>\n<td width=\"147\">\n<p align=\"center\">M\u00e1rcia Siqueira Rapini<\/p>\n<\/td>\n<td width=\"108\">\n<p align=\"center\">Rep. docente<\/p>\n<\/td>\n<td width=\"152\">\n<p align=\"center\">Gest\u00e3o da Inova\u00e7\u00e3o e Empreend.<\/p>\n<\/td>\n<td width=\"110\">\n<p align=\"center\">28\/11\/2017<\/p>\n<\/td>\n<td width=\"106\">\n<p align=\"center\">27\/11\/2019<\/p>\n<\/td>\n<\/tr>\n<tr>\n<td width=\"147\">\n<p align=\"center\">Mar\u00eda E. Cort\u00e9s Segura<\/p>\n<\/td>\n<td width=\"108\">\n<p align=\"center\">Rep. docente<\/p>\n<\/td>\n<td width=\"152\">\n<p align=\"center\">Inov. Tecnol\u00f3gica e Biofarmac\u00eautica<\/p>\n<\/td>\n<td width=\"110\">\n<p align=\"center\">11\/05\/2019<\/p>\n<\/td>\n<td width=\"106\">\n<p align=\"center\">10\/05\/2021<\/p>\n<\/td>\n<\/tr>\n<tr>\n<td width=\"147\">\n<p align=\"center\">Maria Jos\u00e9 Campagnole-S.<\/p>\n<\/td>\n<td width=\"108\">\n<p align=\"center\">Rep. docente<\/p>\n<\/td>\n<td width=\"152\">\n<p align=\"center\">Inov. Tecnol\u00f3gica e Biofarmac\u00eautica<\/p>\n<\/td>\n<td width=\"110\">\n<p align=\"center\">28\/11\/2017<\/p>\n<\/td>\n<td width=\"106\">\n<p align=\"center\">27\/11\/2019<\/p>\n<\/td>\n<\/tr>\n<tr>\n<td width=\"147\">\n<p align=\"center\">Fabr\u00edcio Bertini P. Polido<\/p>\n<\/td>\n<td width=\"108\">\n<p align=\"center\">Rep. docente<\/p>\n<\/td>\n<td width=\"152\">\n<p align=\"center\">Propriedade Intelectual<\/p>\n<\/td>\n<td width=\"110\">\n<p align=\"center\">28\/11\/2017<\/p>\n<\/td>\n<td width=\"106\">\n<p align=\"center\">27\/11\/2019<\/p>\n<\/td>\n<\/tr>\n<tr>\n<td width=\"147\">\n<p align=\"center\">Rub\u00e9n Dario Sinisterra Mill\u00e1n<\/p>\n<\/td>\n<td width=\"108\">\n<p align=\"center\">Rep. docente<\/p>\n<\/td>\n<td width=\"152\">\n<p align=\"center\">Propriedade Intelectual<\/p>\n<\/td>\n<td width=\"110\">\n<p align=\"center\">28\/11\/2017<\/p>\n<\/td>\n<td width=\"106\">\n<p align=\"center\">27\/11\/2019<\/p>\n<\/td>\n<\/tr>\n<tr>\n<td width=\"147\">\n<p align=\"center\">M\u00e1rcio F. Dutra Moraes<\/p>\n<\/td>\n<td width=\"108\">\n<p align=\"center\">Coord. Geral<\/p>\n<\/td>\n<td width=\"152\"><\/td>\n<td width=\"110\">\n<p align=\"center\">24\/04\/2018<\/p>\n<\/td>\n<td width=\"106\">\n<p align=\"center\">23\/04\/2020<\/p>\n<\/td>\n<\/tr>\n<\/tbody>\n<\/table>\n<p>&nbsp;<\/p>\n<hr \/>\n","protected":false},"excerpt":{"rendered":"<p>A coordena\u00e7\u00e3o did\u00e1tica do curso ser\u00e1 exercida por um Colegiado especifico, que ser\u00e1 constitu\u00eddo pelo Coordenador do Curso de Mestrado Profissional; pelo sub-coordenador do curso de Mestrado Profissional; pelo Coordenador [&hellip;]<\/p>\n","protected":false},"author":4,"featured_media":0,"parent":0,"menu_order":0,"comment_status":"closed","ping_status":"closed","template":"","meta":{"_price":"","_stock":"","_tribe_ticket_header":"","_tribe_default_ticket_provider":"","_tribe_ticket_capacity":"0","_ticket_start_date":"","_ticket_end_date":"","_tribe_ticket_show_description":"","_tribe_ticket_show_not_going":false,"_tribe_ticket_use_global_stock":"","_tribe_ticket_global_stock_level":"","_global_stock_mode":"","_global_stock_cap":"","_tribe_rsvp_for_event":"","_tribe_ticket_going_count":"","_tribe_ticket_not_going_count":"","_tribe_tickets_list":"[]","_tribe_ticket_has_attendee_info_fields":false,"footnotes":"","_tec_slr_enabled":"","_tec_slr_layout":""},"class_list":["post-376","page","type-page","status-publish","hentry"],"ticketed":false,"_links":{"self":[{"href":"https:\/\/sites.icb.ufmg.br\/pginovacao\/index.php\/wp-json\/wp\/v2\/pages\/376","targetHints":{"allow":["GET"]}}],"collection":[{"href":"https:\/\/sites.icb.ufmg.br\/pginovacao\/index.php\/wp-json\/wp\/v2\/pages"}],"about":[{"href":"https:\/\/sites.icb.ufmg.br\/pginovacao\/index.php\/wp-json\/wp\/v2\/types\/page"}],"author":[{"embeddable":true,"href":"https:\/\/sites.icb.ufmg.br\/pginovacao\/index.php\/wp-json\/wp\/v2\/users\/4"}],"replies":[{"embeddable":true,"href":"https:\/\/sites.icb.ufmg.br\/pginovacao\/index.php\/wp-json\/wp\/v2\/comments?post=376"}],"version-history":[{"count":56,"href":"https:\/\/sites.icb.ufmg.br\/pginovacao\/index.php\/wp-json\/wp\/v2\/pages\/376\/revisions"}],"predecessor-version":[{"id":4705,"href":"https:\/\/sites.icb.ufmg.br\/pginovacao\/index.php\/wp-json\/wp\/v2\/pages\/376\/revisions\/4705"}],"wp:attachment":[{"href":"https:\/\/sites.icb.ufmg.br\/pginovacao\/index.php\/wp-json\/wp\/v2\/media?parent=376"}],"curies":[{"name":"wp","href":"https:\/\/api.w.org\/{rel}","templated":true}]}}