{"id":411,"date":"2020-03-11T16:52:07","date_gmt":"2020-03-11T19:52:07","guid":{"rendered":"https:\/\/sites.icb.ufmg.br\/pginovacao\/?page_id=411"},"modified":"2025-03-25T08:33:24","modified_gmt":"2025-03-25T11:33:24","slug":"documentos-mp","status":"publish","type":"page","link":"https:\/\/sites.icb.ufmg.br\/pginovacao\/index.php\/documentos-mp\/","title":{"rendered":"Documentos"},"content":{"rendered":"<h3>Normas UFMG<\/h3>\n<p><a href=\"https:\/\/sites.icb.ufmg.br\/pginovacao\/wp-content\/uploads\/2023\/02\/2017_02_ResolucaoComplementar_CEPE_NormasGeraisPos-Graduacao.pdf\">Normas Gerais de P\u00f3s-gradua\u00e7\u00e3o<\/a><\/p>\n<hr \/>\n<h3>Resolu\u00e7\u00f5es<\/h3>\n<p><strong>Resolu\u00e7\u00e3o para credenciamento e recredenciamento de docentes (NOVO!)<\/strong><\/p>\n<p style=\"padding-left: 40px;\">Estabelece os crit\u00e9rios para credenciamento e recredenciamento de docentes no Programa de P\u00f3s-Gradua\u00e7\u00e3o Mestrado Profissional em Inova\u00e7\u00e3o Tecnol\u00f3gica e Propriedade Intelectual da Universidade Federal de Minas Gerais.<\/p>\n<p style=\"padding-left: 40px;\">Para acessar, <a href=\"https:\/\/sites.icb.ufmg.br\/pginovacao\/wp-content\/uploads\/2024\/11\/Resolucao-Credenciamento.pdf\" target=\"_blank\" rel=\"noopener\">clique aqui.<\/a><\/p>\n<hr \/>\n<h3>Regulamentos<\/h3>\n<p><strong>Regulamento do Programa de P\u00f3s-Gradua\u00e7\u00e3o Mestrado Profissional em Inova\u00e7\u00e3o Tecnol\u00f3gica e Propriedade Intelectual de 2020<\/strong><\/p>\n<p style=\"padding-left: 40px;\">Estabelece o regulamento do Programa de P\u00f3s-Gradua\u00e7\u00e3o Mestrado Profissional em Inova\u00e7\u00e3o Tecnol\u00f3gica e Propriedade Intelectual.<\/p>\n<p style=\"padding-left: 40px;\"><a href=\"https:\/\/sites.icb.ufmg.br\/pginovacao\/wp-content\/uploads\/2024\/11\/Regulamento-do-MPITPI.pdf\">Regulamento do MPITPI<\/a><\/p>\n<hr \/>\n<h3>Formul\u00e1rios<\/h3>\n<p><strong>ATEN\u00c7\u00c3O &#8211; ENVIAR OS FORMUL\u00c1RIOS PREENCHIDOS EM FORMATO PDF E EDIT\u00c1VEL, PARA QUE SEJA POSS\u00cdVEL COPIAR E COLAR AS INFORMA\u00c7\u00d5ES.\u00a0<\/strong><\/p>\n<p><strong>Formul\u00e1rios de registro e controle acad\u00eamico<br \/>\n<\/strong><\/p>\n<p style=\"padding-left: 40px;\"><a href=\"https:\/\/sites.icb.ufmg.br\/pginovacao\/wp-content\/uploads\/2021\/08\/FORMULARIO-DE-MATR\u00cdCULA.pdf\">Requerimento de <strong>matr\u00edcula<\/strong><\/a><\/p>\n<p style=\"padding-left: 40px;\"><a href=\"https:\/\/www2.ufmg.br\/drca\/content\/download\/20817\/143762\/file\/form-12A_Disc-ELETIVA%20-%20SPG.pdf\">Requerimento de <strong>matr\u00edcula<\/strong> em disciplina <strong>eletiva<\/strong><\/a><\/p>\n<p style=\"padding-left: 40px;\"><a href=\"https:\/\/www2.ufmg.br\/drca\/content\/download\/20920\/144397\/file\/form-14_ISOLADA.pdf\">Requerimento de <strong>matr\u00edcula<\/strong> em disciplina <strong>isolada<\/strong><\/a><\/p>\n<p style=\"padding-left: 40px;\"><a href=\"https:\/\/www2.ufmg.br\/drca\/content\/download\/20975\/144745\/file\/form-1_Tranc-PARCIAL.pdf\">Requerimento de <strong>trancamento parcial<\/strong> de matr\u00edcula<\/a><\/p>\n<p style=\"padding-left: 40px;\"><a href=\"https:\/\/sites.icb.ufmg.br\/pginovacao\/wp-content\/uploads\/2023\/08\/form-2_Tranc-TOTAL_-pos-versao-2023.pdf\">Requerimento de <strong>trancamento total<\/strong> de matr\u00edcula<\/a><\/p>\n<p style=\"padding-left: 40px;\"><a href=\"https:\/\/www2.ufmg.br\/drca\/content\/download\/21019\/145048\/file\/form-7_Aprov-ESTUDOS.pdf\">Requerimento de <strong>aproveitamento de estudos \/ equival\u00eancias<\/strong><\/a><\/p>\n<p style=\"padding-left: 40px;\">\n","protected":false},"excerpt":{"rendered":"<p>Normas UFMG Normas Gerais de P\u00f3s-gradua\u00e7\u00e3o Resolu\u00e7\u00f5es Resolu\u00e7\u00e3o para credenciamento e recredenciamento de docentes (NOVO!) Estabelece os crit\u00e9rios para credenciamento e recredenciamento de docentes no Programa de P\u00f3s-Gradua\u00e7\u00e3o Mestrado Profissional [&hellip;]<\/p>\n","protected":false},"author":4,"featured_media":0,"parent":0,"menu_order":0,"comment_status":"closed","ping_status":"closed","template":"","meta":{"_price":"","_stock":"","_tribe_ticket_header":"","_tribe_default_ticket_provider":"","_tribe_ticket_capacity":"0","_ticket_start_date":"","_ticket_end_date":"","_tribe_ticket_show_description":"","_tribe_ticket_show_not_going":false,"_tribe_ticket_use_global_stock":"","_tribe_ticket_global_stock_level":"","_global_stock_mode":"","_global_stock_cap":"","_tribe_rsvp_for_event":"","_tribe_ticket_going_count":"","_tribe_ticket_not_going_count":"","_tribe_tickets_list":"[]","_tribe_ticket_has_attendee_info_fields":false,"footnotes":"","_tec_slr_enabled":"","_tec_slr_layout":""},"class_list":["post-411","page","type-page","status-publish","hentry"],"ticketed":false,"_links":{"self":[{"href":"https:\/\/sites.icb.ufmg.br\/pginovacao\/index.php\/wp-json\/wp\/v2\/pages\/411","targetHints":{"allow":["GET"]}}],"collection":[{"href":"https:\/\/sites.icb.ufmg.br\/pginovacao\/index.php\/wp-json\/wp\/v2\/pages"}],"about":[{"href":"https:\/\/sites.icb.ufmg.br\/pginovacao\/index.php\/wp-json\/wp\/v2\/types\/page"}],"author":[{"embeddable":true,"href":"https:\/\/sites.icb.ufmg.br\/pginovacao\/index.php\/wp-json\/wp\/v2\/users\/4"}],"replies":[{"embeddable":true,"href":"https:\/\/sites.icb.ufmg.br\/pginovacao\/index.php\/wp-json\/wp\/v2\/comments?post=411"}],"version-history":[{"count":93,"href":"https:\/\/sites.icb.ufmg.br\/pginovacao\/index.php\/wp-json\/wp\/v2\/pages\/411\/revisions"}],"predecessor-version":[{"id":4330,"href":"https:\/\/sites.icb.ufmg.br\/pginovacao\/index.php\/wp-json\/wp\/v2\/pages\/411\/revisions\/4330"}],"wp:attachment":[{"href":"https:\/\/sites.icb.ufmg.br\/pginovacao\/index.php\/wp-json\/wp\/v2\/media?parent=411"}],"curies":[{"name":"wp","href":"https:\/\/api.w.org\/{rel}","templated":true}]}}

<h3>Normas UFMG</h3>
<p><a href="https://sites.icb.ufmg.br/pginovacao/wp-content/uploads/2023/02/2017_02_ResolucaoComplementar_CEPE_NormasGeraisPos-Graduacao.pdf">Normas Gerais de Pós-graduação</a></p>
<hr />
<h3>Resoluções</h3>
<p><strong>Resolução para credenciamento e recredenciamento de docentes (NOVO!)</strong></p>
<p style="padding-left: 40px;">Estabelece os critérios para credenciamento e recredenciamento de docentes no Programa de Pós-Graduação Mestrado Profissional em Inovação Tecnológica e Propriedade Intelectual da Universidade Federal de Minas Gerais.</p>
<p style="padding-left: 40px;">Para acessar, <a href="https://sites.icb.ufmg.br/pginovacao/wp-content/uploads/2024/11/Resolucao-Credenciamento.pdf" target="_blank" rel="noopener">clique aqui.</a></p>
<hr />
<h3>Regulamentos</h3>
<p><strong>Regulamento do Programa de Pós-Graduação Mestrado Profissional em Inovação Tecnológica e Propriedade Intelectual de 2020</strong></p>
<p style="padding-left: 40px;">Estabelece o regulamento do Programa de Pós-Graduação Mestrado Profissional em Inovação Tecnológica e Propriedade Intelectual.</p>
<p style="padding-left: 40px;"><a href="https://sites.icb.ufmg.br/pginovacao/wp-content/uploads/2024/11/Regulamento-do-MPITPI.pdf">Regulamento do MPITPI</a></p>
<hr />
<h3>Formulários</h3>
<p><strong>ATENÇÃO &#8211; ENVIAR OS FORMULÁRIOS PREENCHIDOS EM FORMATO PDF E EDITÁVEL, PARA QUE SEJA POSSÍVEL COPIAR E COLAR AS INFORMAÇÕES. </strong></p>
<p><strong>Formulários de registro e controle acadêmico<br />
</strong></p>
<p style="padding-left: 40px;"><a href="https://sites.icb.ufmg.br/pginovacao/wp-content/uploads/2021/08/FORMULARIO-DE-MATRÍCULA.pdf">Requerimento de <strong>matrícula</strong></a></p>
<p style="padding-left: 40px;"><a href="https://www2.ufmg.br/drca/content/download/20817/143762/file/form-12A_Disc-ELETIVA%20-%20SPG.pdf">Requerimento de <strong>matrícula</strong> em disciplina <strong>eletiva</strong></a></p>
<p style="padding-left: 40px;"><a href="https://www2.ufmg.br/drca/content/download/20920/144397/file/form-14_ISOLADA.pdf">Requerimento de <strong>matrícula</strong> em disciplina <strong>isolada</strong></a></p>
<p style="padding-left: 40px;"><a href="https://www2.ufmg.br/drca/content/download/20975/144745/file/form-1_Tranc-PARCIAL.pdf">Requerimento de <strong>trancamento parcial</strong> de matrícula</a></p>
<p style="padding-left: 40px;"><a href="https://sites.icb.ufmg.br/pginovacao/wp-content/uploads/2023/08/form-2_Tranc-TOTAL_-pos-versao-2023.pdf">Requerimento de <strong>trancamento total</strong> de matrícula</a></p>
<p style="padding-left: 40px;"><a href="https://www2.ufmg.br/drca/content/download/21019/145048/file/form-7_Aprov-ESTUDOS.pdf">Requerimento de <strong>aproveitamento de estudos / equivalências</strong></a></p>
<p style="padding-left: 40px;">

<p>Normas UFMG Normas Gerais de Pós-graduação Resoluções Resolução para credenciamento e recredenciamento de docentes (NOVO!) Estabelece os critérios para credenciamento e recredenciamento de docentes no Programa de Pós-Graduação Mestrado Profissional [&hellip;]</p>
