{"id":428,"date":"2020-03-12T13:20:09","date_gmt":"2020-03-12T16:20:09","guid":{"rendered":"https:\/\/sites.icb.ufmg.br\/pginovacao\/?page_id=428"},"modified":"2026-08-13T10:20:46","modified_gmt":"2026-08-13T13:20:46","slug":"corpo-discente","status":"publish","type":"page","link":"https:\/\/sites.icb.ufmg.br\/pginovacao\/index.php\/corpo-discente\/","title":{"rendered":"Corpo Discente"},"content":{"rendered":"<p>&nbsp;<\/p>\n<p style=\"text-align: center;\"><strong>Discente Atuais<\/strong><\/p>\n<ol>\n<li>\u00c1GATHA DORNELLAS RITTER COSTA &#8211; GEST\u00c3O DA INOVA\u00c7\u00c3O E EMPREENDEDORISMO<\/li>\n<li>AGDA CAMILA JUNCA MARTINS &#8211; GEST\u00c3O DA INOVA\u00c7\u00c3O E EMPREENDEDORISMO<\/li>\n<li>ALEXANDRE DINIZ MARQUES &#8211; INOVA\u00c7\u00c3O BIOFARMAC\u00caUTICA E TECNOL\u00d3GICA<\/li>\n<li>AMANDA MARIANA SILVEIRA &#8211; GEST\u00c3O DA INOVA\u00c7\u00c3O E EMPREENDEDORISMO<\/li>\n<li>ANA J\u00daLIA SILVA ALVES &#8211; GEST\u00c3O DA INOVA\u00c7\u00c3O E EMPREENDEDORISMO<\/li>\n<li>ANDR\u00c9 MAINART MENEZES &#8211; GEST\u00c3O DA INOVA\u00c7\u00c3O E EMPREENDEDORISMO<\/li>\n<li>BRUNA LARA BRUNO NUNES &#8211; GEST\u00c3O DA INOVA\u00c7\u00c3O E EMPREENDEDORISMO<\/li>\n<li>CARLOS CESAR DE OLIVEIRA FIRMO\u00a0\u00a0&#8211; GEST\u00c3O DA INOVA\u00c7\u00c3O E EMPREENDEDORISMO<\/li>\n<li>CAROLINA MARIA DE LIMA ALVES &#8211; GEST\u00c3O DA INOVA\u00c7\u00c3O E EMPREENDEDORISMO<\/li>\n<li>CLARA GABRIELA DOS SANTOS ALVARES FERREIRA &#8211; GEST\u00c3O DA INOVA\u00c7\u00c3O E EMPREENDEDORISMO<\/li>\n<li>DANIELLE LOUISE DE SOUZA PRATES &#8211; INOVA\u00c7\u00c3O BIOFARMAC\u00caUTICA E TECNOL\u00d3GICA<\/li>\n<li>DOUGLAS RODRIGUES DIAS &#8211; GEST\u00c3O DA INOVA\u00c7\u00c3O E EMPREENDEDORISMO<\/li>\n<li>ELAINE CRISTINA OLIVEIRA GUERRA &#8211; GEST\u00c3O DA INOVA\u00c7\u00c3O E EMPREENDEDORISMO<\/li>\n<li>ELISA MARIA MACHADO ALVES &#8211; PROPRIEDADE INTELECTUAL<\/li>\n<li>ERNANI ALEXANDRE CAMPANELI HOFFMAN &#8211; GEST\u00c3O DA INOVA\u00c7\u00c3O E EMPREENDEDORISMO<\/li>\n<li>EUGENIO GABRIEL ALVES ASSIS DE ARAUJO &#8211; GEST\u00c3O DA INOVA\u00c7\u00c3O E EMPREENDEDORISMO<\/li>\n<li>FABIANO DE SOUZA VALENTIM &#8211; GEST\u00c3O DA INOVA\u00c7\u00c3O E EMPREENDEDORISMO<\/li>\n<li>FELIPE SILVA BRAND\u00c3O LOPES &#8211; GEST\u00c3O DA INOVA\u00c7\u00c3O E EMPREENDEDORISMO<\/li>\n<li>FERNANDA PEIXOTO PETROCCHI DA COSTA &#8211; GEST\u00c3O DA INOVA\u00c7\u00c3O E EMPREENDEDORISMO<\/li>\n<li>FL\u00c1VIA AGUIAR VILLELA LOPES DE MELO &#8211; GEST\u00c3O DA INOVA\u00c7\u00c3O E EMPREENDEDORISMO<\/li>\n<li>GABRIEL DE CASTRO KNOP &#8211; PROPRIEDADE INTELECTUAL<\/li>\n<li>GABRIELA CORR\u00caIA DE CASTRO &#8211; INOVA\u00c7\u00c3O BIOFARMAC\u00caUTICA E TECNOL\u00d3GICA<\/li>\n<li>GABRIELA CRISTIANE MACHADO GODINHO &#8211; GEST\u00c3O DA INOVA\u00c7\u00c3O E EMPREENDEDORISMO<\/li>\n<li>GABRIELA LUIZA ALMEIDA SILVA &#8211; GEST\u00c3O DA INOVA\u00c7\u00c3O E EMPREENDEDORISMO<\/li>\n<li>GRAZIELLE SOUZA NAVES &#8211; GEST\u00c3O DA INOVA\u00c7\u00c3O E EMPREENDEDORISMO<\/li>\n<li>GUILHERME B\u00c1CCARA MIRANDA &#8211; GEST\u00c3O DA INOVA\u00c7\u00c3O E EMPREENDEDORISMO<\/li>\n<li>ISABELA TOLEDO LIMA &#8211; GEST\u00c3O DA INOVA\u00c7\u00c3O E EMPREENDEDORISMO<\/li>\n<li>ISABELLA RIBEIRO TILGER &#8211; GEST\u00c3O DA INOVA\u00c7\u00c3O E EMPREENDEDORISMO<\/li>\n<li>J\u00c9SSICA TALITA DOS SANTOS FL\u00d4RES &#8211; GEST\u00c3O DA INOVA\u00c7\u00c3O E EMPREENDEDORISMO<\/li>\n<li>LORENA CORREA SOUZA &#8211; GEST\u00c3O DA INOVA\u00c7\u00c3O E EMPREENDEDORISMO<\/li>\n<li>LUCIENE SOUZA PINTO LOPES CAN\u00c7ADO &#8211; GEST\u00c3O DA INOVA\u00c7\u00c3O E EMPREENDEDORISMO<\/li>\n<li>LUIZA FREIRE VIDIGAL &#8211; GEST\u00c3O DA INOVA\u00c7\u00c3O E EMPREENDEDORISMO<\/li>\n<li>MARIA BEATRIZ POLCARO FERREIRA &#8211; GEST\u00c3O DA INOVA\u00c7\u00c3O E EMPREENDEDORISMO<\/li>\n<li>MARIA REGINA DOS SANTOS &#8211; PROPRIEDADE INTELECTUAL<\/li>\n<li>MAR\u00cdLIA ARAUJO DE FARIA &#8211; GEST\u00c3O DA INOVA\u00c7\u00c3O E EMPREENDEDORISMO<\/li>\n<li>MATEUS FONSECA DE MENDON\u00c7A &#8211; GEST\u00c3O DA INOVA\u00c7\u00c3O E EMPREENDEDORISMO<\/li>\n<li>NATHALIA DE SOUZA LIMA RODRIGUES &#8211; GEST\u00c3O DA INOVA\u00c7\u00c3O E EMPREENDEDORISMO<\/li>\n<li>NAYARA LUIZA DA SILVA CAMPOS &#8211; GEST\u00c3O DA INOVA\u00c7\u00c3O E EMPREENDEDORISMO<\/li>\n<li>PRISCYLLA LAGE DE PAULA ALVARENGA &#8211; GEST\u00c3O DA INOVA\u00c7\u00c3O E EMPREENDEDORISMO<\/li>\n<li>RAFAEL ROMIE LOPES PEREIRA &#8211; GEST\u00c3O DA INOVA\u00c7\u00c3O E EMPREENDEDORISMO<\/li>\n<li>RENATA MENDES BONF\u00c1 &#8211; GEST\u00c3O DA INOVA\u00c7\u00c3O E EMPREENDEDORISMO<\/li>\n<li>SABRINA PONTES DE ASSIS &#8211; GEST\u00c3O DA INOVA\u00c7\u00c3O E EMPREENDEDORISMO<\/li>\n<li>SAMUEL RODRIGUES OLIVEIRA &#8211; INOVA\u00c7\u00c3O BIOFARMAC\u00caUTICA E TECNOL\u00d3GICA<\/li>\n<li>SEBASTI\u00c3O MACHADO J\u00daNIOR &#8211; GEST\u00c3O DA INOVA\u00c7\u00c3O E EMPREENDEDORISMO<\/li>\n<li>SOPHIA ALVES MENDES DA COSTA &#8211; GEST\u00c3O DA INOVA\u00c7\u00c3O E EMPREENDEDORISMO<\/li>\n<li>TAYN\u00c1 BASTOS PEDROSA PEIXOTO &#8211; GEST\u00c3O DA INOVA\u00c7\u00c3O E EMPREENDEDORISMO<\/li>\n<li>THALYSAN EISEMBERG GREG\u00d3RIO E TRAJANO &#8211; GEST\u00c3O DA INOVA\u00c7\u00c3O E EMPREENDEDORISMO<\/li>\n<li>THARCILA ESTELA FONTANA ROCHA &#8211; GEST\u00c3O DA INOVA\u00c7\u00c3O E EMPREENDEDORISMO<\/li>\n<li>THIAGO KUPIDLOWSKY FERNANDES LE\u00c3O &#8211; GEST\u00c3O DA INOVA\u00c7\u00c3O E EMPREENDEDORISMO<\/li>\n<li>THOMAZ BARROS PIRES &#8211; GEST\u00c3O DA INOVA\u00c7\u00c3O E EMPREENDEDORISMO<\/li>\n<li>V\u00c2NIA BARBOSA DOS SANTOS &#8211; GEST\u00c3O DA INOVA\u00c7\u00c3O E EMPREENDEDORISMO<\/li>\n<li>VICTOR JOS\u00c9 CALAZ\u00c3ES CAMPOS &#8211; GEST\u00c3O DA INOVA\u00c7\u00c3O E EMPREENDEDORISMO<\/li>\n<li>WILDINER BRUNO PEREIRA GON\u00c7ALVES &#8211; INOVA\u00c7\u00c3O BIOFARMAC\u00caUTICA E TECNOL\u00d3GICA<\/li>\n<\/ol>\n","protected":false},"excerpt":{"rendered":"<p>&nbsp; Discente Atuais \u00c1GATHA DORNELLAS RITTER COSTA &#8211; GEST\u00c3O DA INOVA\u00c7\u00c3O E EMPREENDEDORISMO AGDA CAMILA JUNCA MARTINS &#8211; GEST\u00c3O DA INOVA\u00c7\u00c3O E EMPREENDEDORISMO ALEXANDRE DINIZ MARQUES &#8211; INOVA\u00c7\u00c3O BIOFARMAC\u00caUTICA E [&hellip;]<\/p>\n","protected":false},"author":4,"featured_media":0,"parent":0,"menu_order":0,"comment_status":"closed","ping_status":"closed","template":"","meta":{"_price":"","_stock":"","_tribe_ticket_header":"","_tribe_default_ticket_provider":"","_tribe_ticket_capacity":"0","_ticket_start_date":"","_ticket_end_date":"","_tribe_ticket_show_description":"","_tribe_ticket_show_not_going":false,"_tribe_ticket_use_global_stock":"","_tribe_ticket_global_stock_level":"","_global_stock_mode":"","_global_stock_cap":"","_tribe_rsvp_for_event":"","_tribe_ticket_going_count":"","_tribe_ticket_not_going_count":"","_tribe_tickets_list":"[]","_tribe_ticket_has_attendee_info_fields":false,"footnotes":"","_tec_slr_enabled":"","_tec_slr_layout":""},"class_list":["post-428","page","type-page","status-publish","hentry"],"ticketed":false,"_links":{"self":[{"href":"https:\/\/sites.icb.ufmg.br\/pginovacao\/index.php\/wp-json\/wp\/v2\/pages\/428","targetHints":{"allow":["GET"]}}],"collection":[{"href":"https:\/\/sites.icb.ufmg.br\/pginovacao\/index.php\/wp-json\/wp\/v2\/pages"}],"about":[{"href":"https:\/\/sites.icb.ufmg.br\/pginovacao\/index.php\/wp-json\/wp\/v2\/types\/page"}],"author":[{"embeddable":true,"href":"https:\/\/sites.icb.ufmg.br\/pginovacao\/index.php\/wp-json\/wp\/v2\/users\/4"}],"replies":[{"embeddable":true,"href":"https:\/\/sites.icb.ufmg.br\/pginovacao\/index.php\/wp-json\/wp\/v2\/comments?post=428"}],"version-history":[{"count":106,"href":"https:\/\/sites.icb.ufmg.br\/pginovacao\/index.php\/wp-json\/wp\/v2\/pages\/428\/revisions"}],"predecessor-version":[{"id":4468,"href":"https:\/\/sites.icb.ufmg.br\/pginovacao\/index.php\/wp-json\/wp\/v2\/pages\/428\/revisions\/4468"}],"wp:attachment":[{"href":"https:\/\/sites.icb.ufmg.br\/pginovacao\/index.php\/wp-json\/wp\/v2\/media?parent=428"}],"curies":[{"name":"wp","href":"https:\/\/api.w.org\/{rel}","templated":true}]}}

<p>&nbsp;</p>
<p style="text-align: center;"><strong>Discente Atuais</strong></p>
<ol>
<li>ÁGATHA DORNELLAS RITTER COSTA &#8211; GESTÃO DA INOVAÇÃO E EMPREENDEDORISMO</li>
<li>AGDA CAMILA JUNCA MARTINS &#8211; GESTÃO DA INOVAÇÃO E EMPREENDEDORISMO</li>
<li>ALEXANDRE DINIZ MARQUES &#8211; INOVAÇÃO BIOFARMACÊUTICA E TECNOLÓGICA</li>
<li>AMANDA MARIANA SILVEIRA &#8211; GESTÃO DA INOVAÇÃO E EMPREENDEDORISMO</li>
<li>ANA JÚLIA SILVA ALVES &#8211; GESTÃO DA INOVAÇÃO E EMPREENDEDORISMO</li>
<li>ANDRÉ MAINART MENEZES &#8211; GESTÃO DA INOVAÇÃO E EMPREENDEDORISMO</li>
<li>BRUNA LARA BRUNO NUNES &#8211; GESTÃO DA INOVAÇÃO E EMPREENDEDORISMO</li>
<li>CARLOS CESAR DE OLIVEIRA FIRMO  &#8211; GESTÃO DA INOVAÇÃO E EMPREENDEDORISMO</li>
<li>CAROLINA MARIA DE LIMA ALVES &#8211; GESTÃO DA INOVAÇÃO E EMPREENDEDORISMO</li>
<li>CLARA GABRIELA DOS SANTOS ALVARES FERREIRA &#8211; GESTÃO DA INOVAÇÃO E EMPREENDEDORISMO</li>
<li>DANIELLE LOUISE DE SOUZA PRATES &#8211; INOVAÇÃO BIOFARMACÊUTICA E TECNOLÓGICA</li>
<li>DOUGLAS RODRIGUES DIAS &#8211; GESTÃO DA INOVAÇÃO E EMPREENDEDORISMO</li>
<li>ELAINE CRISTINA OLIVEIRA GUERRA &#8211; GESTÃO DA INOVAÇÃO E EMPREENDEDORISMO</li>
<li>ELISA MARIA MACHADO ALVES &#8211; PROPRIEDADE INTELECTUAL</li>
<li>ERNANI ALEXANDRE CAMPANELI HOFFMAN &#8211; GESTÃO DA INOVAÇÃO E EMPREENDEDORISMO</li>
<li>EUGENIO GABRIEL ALVES ASSIS DE ARAUJO &#8211; GESTÃO DA INOVAÇÃO E EMPREENDEDORISMO</li>
<li>FABIANO DE SOUZA VALENTIM &#8211; GESTÃO DA INOVAÇÃO E EMPREENDEDORISMO</li>
<li>FELIPE SILVA BRANDÃO LOPES &#8211; GESTÃO DA INOVAÇÃO E EMPREENDEDORISMO</li>
<li>FERNANDA PEIXOTO PETROCCHI DA COSTA &#8211; GESTÃO DA INOVAÇÃO E EMPREENDEDORISMO</li>
<li>FLÁVIA AGUIAR VILLELA LOPES DE MELO &#8211; GESTÃO DA INOVAÇÃO E EMPREENDEDORISMO</li>
<li>GABRIEL DE CASTRO KNOP &#8211; PROPRIEDADE INTELECTUAL</li>
<li>GABRIELA CORRÊIA DE CASTRO &#8211; INOVAÇÃO BIOFARMACÊUTICA E TECNOLÓGICA</li>
<li>GABRIELA CRISTIANE MACHADO GODINHO &#8211; GESTÃO DA INOVAÇÃO E EMPREENDEDORISMO</li>
<li>GABRIELA LUIZA ALMEIDA SILVA &#8211; GESTÃO DA INOVAÇÃO E EMPREENDEDORISMO</li>
<li>GRAZIELLE SOUZA NAVES &#8211; GESTÃO DA INOVAÇÃO E EMPREENDEDORISMO</li>
<li>GUILHERME BÁCCARA MIRANDA &#8211; GESTÃO DA INOVAÇÃO E EMPREENDEDORISMO</li>
<li>ISABELA TOLEDO LIMA &#8211; GESTÃO DA INOVAÇÃO E EMPREENDEDORISMO</li>
<li>ISABELLA RIBEIRO TILGER &#8211; GESTÃO DA INOVAÇÃO E EMPREENDEDORISMO</li>
<li>JÉSSICA TALITA DOS SANTOS FLÔRES &#8211; GESTÃO DA INOVAÇÃO E EMPREENDEDORISMO</li>
<li>LORENA CORREA SOUZA &#8211; GESTÃO DA INOVAÇÃO E EMPREENDEDORISMO</li>
<li>LUCIENE SOUZA PINTO LOPES CANÇADO &#8211; GESTÃO DA INOVAÇÃO E EMPREENDEDORISMO</li>
<li>LUIZA FREIRE VIDIGAL &#8211; GESTÃO DA INOVAÇÃO E EMPREENDEDORISMO</li>
<li>MARIA BEATRIZ POLCARO FERREIRA &#8211; GESTÃO DA INOVAÇÃO E EMPREENDEDORISMO</li>
<li>MARIA REGINA DOS SANTOS &#8211; PROPRIEDADE INTELECTUAL</li>
<li>MARÍLIA ARAUJO DE FARIA &#8211; GESTÃO DA INOVAÇÃO E EMPREENDEDORISMO</li>
<li>MATEUS FONSECA DE MENDONÇA &#8211; GESTÃO DA INOVAÇÃO E EMPREENDEDORISMO</li>
<li>NATHALIA DE SOUZA LIMA RODRIGUES &#8211; GESTÃO DA INOVAÇÃO E EMPREENDEDORISMO</li>
<li>NAYARA LUIZA DA SILVA CAMPOS &#8211; GESTÃO DA INOVAÇÃO E EMPREENDEDORISMO</li>
<li>PRISCYLLA LAGE DE PAULA ALVARENGA &#8211; GESTÃO DA INOVAÇÃO E EMPREENDEDORISMO</li>
<li>RAFAEL ROMIE LOPES PEREIRA &#8211; GESTÃO DA INOVAÇÃO E EMPREENDEDORISMO</li>
<li>RENATA MENDES BONFÁ &#8211; GESTÃO DA INOVAÇÃO E EMPREENDEDORISMO</li>
<li>SABRINA PONTES DE ASSIS &#8211; GESTÃO DA INOVAÇÃO E EMPREENDEDORISMO</li>
<li>SAMUEL RODRIGUES OLIVEIRA &#8211; INOVAÇÃO BIOFARMACÊUTICA E TECNOLÓGICA</li>
<li>SEBASTIÃO MACHADO JÚNIOR &#8211; GESTÃO DA INOVAÇÃO E EMPREENDEDORISMO</li>
<li>SOPHIA ALVES MENDES DA COSTA &#8211; GESTÃO DA INOVAÇÃO E EMPREENDEDORISMO</li>
<li>TAYNÁ BASTOS PEDROSA PEIXOTO &#8211; GESTÃO DA INOVAÇÃO E EMPREENDEDORISMO</li>
<li>THALYSAN EISEMBERG GREGÓRIO E TRAJANO &#8211; GESTÃO DA INOVAÇÃO E EMPREENDEDORISMO</li>
<li>THARCILA ESTELA FONTANA ROCHA &#8211; GESTÃO DA INOVAÇÃO E EMPREENDEDORISMO</li>
<li>THIAGO KUPIDLOWSKY FERNANDES LEÃO &#8211; GESTÃO DA INOVAÇÃO E EMPREENDEDORISMO</li>
<li>THOMAZ BARROS PIRES &#8211; GESTÃO DA INOVAÇÃO E EMPREENDEDORISMO</li>
<li>VÂNIA BARBOSA DOS SANTOS &#8211; GESTÃO DA INOVAÇÃO E EMPREENDEDORISMO</li>
<li>VICTOR JOSÉ CALAZÃES CAMPOS &#8211; GESTÃO DA INOVAÇÃO E EMPREENDEDORISMO</li>
<li>WILDINER BRUNO PEREIRA GONÇALVES &#8211; INOVAÇÃO BIOFARMACÊUTICA E TECNOLÓGICA</li>
</ol>

<p>&nbsp; Discente Atuais ÁGATHA DORNELLAS RITTER COSTA &#8211; GESTÃO DA INOVAÇÃO E EMPREENDEDORISMO AGDA CAMILA JUNCA MARTINS &#8211; GESTÃO DA INOVAÇÃO E EMPREENDEDORISMO ALEXANDRE DINIZ MARQUES &#8211; INOVAÇÃO BIOFARMACÊUTICA E [&hellip;]</p>
