{"id":4385,"date":"2024-11-14T10:17:14","date_gmt":"2024-11-14T13:17:14","guid":{"rendered":"https:\/\/sites.icb.ufmg.br\/pginovacao\/?page_id=4385"},"modified":"2026-02-23T09:38:09","modified_gmt":"2026-02-23T12:38:09","slug":"editais-regulares","status":"publish","type":"page","link":"https:\/\/sites.icb.ufmg.br\/pginovacao\/index.php\/editais-regulares\/","title":{"rendered":"Editais regulares"},"content":{"rendered":"<h1>Processo Seletivo 2026-1<\/h1>\n<p>&nbsp;<\/p>\n<p><a href=\"https:\/\/sites.icb.ufmg.br\/pginovacao\/wp-content\/uploads\/2026\/02\/Instrucoes-para-matricula.pdf\" target=\"_blank\" rel=\"noopener\">Instru\u00e7\u00f5es para matr\u00edcula<\/a><\/p>\n<p><a href=\"https:\/\/sites.icb.ufmg.br\/pginovacao\/wp-content\/uploads\/2026\/02\/RESULTADO-FINAL.pdf\" target=\"_blank\" rel=\"noopener\">RESULTADO FINAL<\/a><\/p>\n<p><a href=\"https:\/\/sites.icb.ufmg.br\/pginovacao\/wp-content\/uploads\/2026\/01\/CONVOCACAO-SEGUNDA-ETAPA.pdf\" target=\"_blank\" rel=\"noopener\">CONVOCA\u00c7\u00c3O &#8211; SEGUNDA ETAPA<\/a><\/p>\n<p><a href=\"https:\/\/sites.icb.ufmg.br\/pginovacao\/wp-content\/uploads\/2026\/01\/Orientacoes-SEGUNDA-ETAPA.pdf\" target=\"_blank\" rel=\"noopener\">Orienta\u00e7\u00f5es &#8211; SEGUNDA ETAPA<\/a><\/p>\n<p><a href=\"https:\/\/sites.icb.ufmg.br\/pginovacao\/wp-content\/uploads\/2026\/01\/Banca-Examinadora-Segunda-Etapa.pdf\" target=\"_blank\" rel=\"noopener\">Banca Examinadora &#8211; Segunda Etapa<\/a><\/p>\n<p><a href=\"https:\/\/sites.icb.ufmg.br\/pginovacao\/wp-content\/uploads\/2026\/01\/Resultado-PRIMEIRA-ETAPA-1.pdf\" target=\"_blank\" rel=\"noopener\">Resultado &#8211; PRIMEIRA ETAPA<\/a><\/p>\n<p><a href=\"https:\/\/sites.icb.ufmg.br\/pginovacao\/wp-content\/uploads\/2026\/01\/Banca-Examinadora-Primeira-Etapa-4.pdf\" target=\"_blank\" rel=\"noopener\">Banca Examinadora &#8211; Primeira Etapa<\/a><\/p>\n<p><a href=\"https:\/\/sites.icb.ufmg.br\/pginovacao\/wp-content\/uploads\/2026\/01\/Resultado-das-inscricoes.pdf\" target=\"_blank\" rel=\"noopener\">Resultado das inscri\u00e7\u00f5es<\/a><\/p>\n<p><a href=\"https:\/\/sites.icb.ufmg.br\/pginovacao\/wp-content\/uploads\/2024\/12\/Formulario-de-inscricao.pdf\" target=\"_blank\" rel=\"noopener\">Formul\u00e1rio de inscri\u00e7\u00e3o<\/a><\/p>\n<p><a href=\"https:\/\/sites.icb.ufmg.br\/pginovacao\/wp-content\/uploads\/2024\/12\/AUTODECLARACAO-ETNICO-RACIAL.pdf\" target=\"_blank\" rel=\"noopener\">AUTODECLARA\u00c7\u00c3O \u00c9TNICO-RACIAL<\/a><\/p>\n<p><a href=\"https:\/\/sites.icb.ufmg.br\/pginovacao\/wp-content\/uploads\/2025\/12\/Edital-Regular-2026.pdf\">Edital Regular 2026<\/a><\/p>\n<h4><\/h4>\n<p>&nbsp;<\/p>\n<h4>Processo Seletivo 2025-2<\/h4>\n<p><a href=\"https:\/\/sites.icb.ufmg.br\/pginovacao\/wp-content\/uploads\/2025\/07\/Instrucoes-para-matricula.pdf\" target=\"_blank\" rel=\"noopener\">Instru\u00e7\u00f5es para matr\u00edcula<\/a><\/p>\n<p><a href=\"https:\/\/sites.icb.ufmg.br\/pginovacao\/wp-content\/uploads\/2025\/07\/RESULTADO-FINAL.pdf\" target=\"_blank\" rel=\"noopener\">RESULTADO FINAL<\/a><\/p>\n<p><a href=\"https:\/\/sites.icb.ufmg.br\/pginovacao\/wp-content\/uploads\/2025\/06\/CONVOCACAO-SEGUNDA-ETAPA.pdf\" target=\"_blank\" rel=\"noopener\">CONVOCA\u00c7\u00c3O &#8211; SEGUNDA ETAPA<\/a><\/p>\n<p><a href=\"https:\/\/sites.icb.ufmg.br\/pginovacao\/wp-content\/uploads\/2025\/06\/Orientacoes-Segunda-Etapa.pdf\" target=\"_blank\" rel=\"noopener\">Orienta\u00e7\u00f5es &#8211; Segunda Etapa<\/a><\/p>\n<p><a href=\"https:\/\/sites.icb.ufmg.br\/pginovacao\/wp-content\/uploads\/2025\/06\/Banca-Examinadora-Segunda-Etapa.pdf\" target=\"_blank\" rel=\"noopener\">Banca Examinadora &#8211; Segunda Etapa<\/a><\/p>\n<p><a href=\"https:\/\/sites.icb.ufmg.br\/pginovacao\/wp-content\/uploads\/2025\/06\/Resultado-Primeira-Etapa.pdf\" target=\"_blank\" rel=\"noopener\">Resultado &#8211; Primeira Etapa<\/a><\/p>\n<p><a href=\"https:\/\/sites.icb.ufmg.br\/pginovacao\/wp-content\/uploads\/2025\/06\/Banca-Examinadora-Primeira-Etapa.pdf\" target=\"_blank\" rel=\"noopener\">Banca Examinadora &#8211; Primeira Etapa<\/a><\/p>\n<p><a href=\"https:\/\/sites.icb.ufmg.br\/pginovacao\/wp-content\/uploads\/2025\/06\/Resultado-das-Inscricoes.pdf\" target=\"_blank\" rel=\"noopener\">Resultado das Inscri\u00e7\u00f5es<\/a><\/p>\n<p><a href=\"https:\/\/sites.icb.ufmg.br\/pginovacao\/wp-content\/uploads\/2025\/05\/Cronograma-vagas-remanescentes-Mestrado-Profissional-2.pdf\" target=\"_blank\" rel=\"noopener\">Cronograma &#8211; vagas remanescentes &#8211; 2\u00b0 semestre<\/a><\/p>\n<p><a href=\"https:\/\/sites.icb.ufmg.br\/pginovacao\/wp-content\/uploads\/2024\/12\/AUTODECLARACAO-ETNICO-RACIAL.pdf\" target=\"_blank\" rel=\"noopener\">AUTODECLARA\u00c7\u00c3O \u00c9TNICO-RACIAL<\/a><\/p>\n<p><a href=\"https:\/\/sites.icb.ufmg.br\/pginovacao\/wp-content\/uploads\/2025\/05\/Formulario-de-inscricao.pdf\">Formul\u00e1rio de inscri\u00e7\u00e3o<\/a><\/p>\n<p>&nbsp;<\/p>\n<h4>Processo Seletivo 2025-1<\/h4>\n<p><a href=\"https:\/\/sites.icb.ufmg.br\/pginovacao\/wp-content\/uploads\/2025\/02\/Instrucoes-para-matricula.pdf\" target=\"_blank\" rel=\"noopener\">Instru\u00e7\u00f5es para matr\u00edcula<\/a><\/p>\n<p><a href=\"https:\/\/sites.icb.ufmg.br\/pginovacao\/wp-content\/uploads\/2025\/02\/RESULTADO-FINAL.pdf\" target=\"_blank\" rel=\"noopener\">RESULTADO FINAL<\/a><\/p>\n<p><a href=\"https:\/\/sites.icb.ufmg.br\/pginovacao\/wp-content\/uploads\/2025\/02\/Convocacao-SEGUNDA-ETAPA.pdf\" target=\"_blank\" rel=\"noopener\">Convoca\u00e7\u00e3o &#8211; SEGUNDA ETAPA<\/a><\/p>\n<p><a href=\"https:\/\/sites.icb.ufmg.br\/pginovacao\/wp-content\/uploads\/2025\/02\/Orientacoes-SEGUNDA-ETAPA.pdf\" target=\"_blank\" rel=\"noopener\">Orienta\u00e7\u00f5es &#8211; SEGUNDA ETAPA<\/a><\/p>\n<p><a href=\"https:\/\/sites.icb.ufmg.br\/pginovacao\/wp-content\/uploads\/2025\/02\/BANCA-EXAMINADORA-SEGUNDA-ETAPA.pdf\" target=\"_blank\" rel=\"noopener\">BANCA EXAMINADORA &#8211; SEGUNDA ETAPA<\/a><\/p>\n<p><a href=\"https:\/\/sites.icb.ufmg.br\/pginovacao\/wp-content\/uploads\/2025\/01\/Resultado.pdf\" target=\"_blank\" rel=\"noopener\">Resultado &#8211; Primeira Etapa<\/a><\/p>\n<p><a href=\"https:\/\/sites.icb.ufmg.br\/pginovacao\/wp-content\/uploads\/2025\/01\/Banca-Examinadora-Primeira-Etapa.pdf\" target=\"_blank\" rel=\"noopener\">Banca Examinadora &#8211; Primeira Etapa<\/a><\/p>\n<p><a href=\"https:\/\/sites.icb.ufmg.br\/pginovacao\/wp-content\/uploads\/2025\/01\/Resultado-das-inscricoes-2.pdf\" target=\"_blank\" rel=\"noopener\">Resultado das inscri\u00e7\u00f5es<\/a><\/p>\n<p><a href=\"https:\/\/sites.icb.ufmg.br\/pginovacao\/wp-content\/uploads\/2024\/12\/Formulario-de-inscricao.pdf\" target=\"_blank\" rel=\"noopener\">Formul\u00e1rio de inscri\u00e7\u00e3o<\/a><\/p>\n<p><a href=\"https:\/\/sites.icb.ufmg.br\/pginovacao\/wp-content\/uploads\/2024\/12\/AUTODECLARACAO-ETNICO-RACIAL.pdf\" target=\"_blank\" rel=\"noopener\">AUTODECLARA\u00c7\u00c3O \u00c9TNICO-RACIAL<\/a><\/p>\n<p><a href=\"https:\/\/sites.icb.ufmg.br\/pginovacao\/wp-content\/uploads\/2024\/11\/Edital_Regular_ITPI_MP_2025.pdf\" target=\"_blank\" rel=\"noopener\">EDITAL REGULAR (Ampla concorr\u00eancia e reserva para negros(as))<\/a><\/p>\n<p>&nbsp;<\/p>\n<p>&nbsp;<\/p>\n","protected":false},"excerpt":{"rendered":"<p>Processo Seletivo 2026-1 &nbsp; Instru\u00e7\u00f5es para matr\u00edcula RESULTADO FINAL CONVOCA\u00c7\u00c3O &#8211; SEGUNDA ETAPA Orienta\u00e7\u00f5es &#8211; SEGUNDA ETAPA Banca Examinadora &#8211; Segunda Etapa Resultado &#8211; PRIMEIRA ETAPA Banca Examinadora &#8211; Primeira [&hellip;]<\/p>\n","protected":false},"author":4,"featured_media":0,"parent":0,"menu_order":0,"comment_status":"closed","ping_status":"closed","template":"","meta":{"_price":"","_stock":"","_tribe_ticket_header":"","_tribe_default_ticket_provider":"","_tribe_ticket_capacity":"0","_ticket_start_date":"","_ticket_end_date":"","_tribe_ticket_show_description":"","_tribe_ticket_show_not_going":false,"_tribe_ticket_use_global_stock":"","_tribe_ticket_global_stock_level":"","_global_stock_mode":"","_global_stock_cap":"","_tribe_rsvp_for_event":"","_tribe_ticket_going_count":"","_tribe_ticket_not_going_count":"","_tribe_tickets_list":"[]","_tribe_ticket_has_attendee_info_fields":false,"footnotes":"","_tec_slr_enabled":"","_tec_slr_layout":""},"class_list":["post-4385","page","type-page","status-publish","hentry"],"ticketed":false,"_links":{"self":[{"href":"https:\/\/sites.icb.ufmg.br\/pginovacao\/index.php\/wp-json\/wp\/v2\/pages\/4385","targetHints":{"allow":["GET"]}}],"collection":[{"href":"https:\/\/sites.icb.ufmg.br\/pginovacao\/index.php\/wp-json\/wp\/v2\/pages"}],"about":[{"href":"https:\/\/sites.icb.ufmg.br\/pginovacao\/index.php\/wp-json\/wp\/v2\/types\/page"}],"author":[{"embeddable":true,"href":"https:\/\/sites.icb.ufmg.br\/pginovacao\/index.php\/wp-json\/wp\/v2\/users\/4"}],"replies":[{"embeddable":true,"href":"https:\/\/sites.icb.ufmg.br\/pginovacao\/index.php\/wp-json\/wp\/v2\/comments?post=4385"}],"version-history":[{"count":54,"href":"https:\/\/sites.icb.ufmg.br\/pginovacao\/index.php\/wp-json\/wp\/v2\/pages\/4385\/revisions"}],"predecessor-version":[{"id":4682,"href":"https:\/\/sites.icb.ufmg.br\/pginovacao\/index.php\/wp-json\/wp\/v2\/pages\/4385\/revisions\/4682"}],"wp:attachment":[{"href":"https:\/\/sites.icb.ufmg.br\/pginovacao\/index.php\/wp-json\/wp\/v2\/media?parent=4385"}],"curies":[{"name":"wp","href":"https:\/\/api.w.org\/{rel}","templated":true}]}}