{"id":4388,"date":"2024-11-14T10:18:10","date_gmt":"2024-11-14T13:18:10","guid":{"rendered":"https:\/\/sites.icb.ufmg.br\/pginovacao\/?page_id=4388"},"modified":"2026-01-29T09:15:58","modified_gmt":"2026-01-29T12:15:58","slug":"editais-suplementares","status":"publish","type":"page","link":"https:\/\/sites.icb.ufmg.br\/pginovacao\/index.php\/editais-suplementares\/","title":{"rendered":"Editais suplementares"},"content":{"rendered":"<h1>Processo Seletivo 2026-1<\/h1>\n<h4>(Suplementar: vagas reservadas para PCD e ind\u00edgenas)<\/h4>\n<p>&nbsp;<\/p>\n<p><a href=\"https:\/\/sites.icb.ufmg.br\/pginovacao\/wp-content\/uploads\/2026\/01\/Resultado-PRIMEIRA-ETAPA.pdf\" target=\"_blank\" rel=\"noopener\">Resultado &#8211; PRIMEIRA ETAPA<\/a><\/p>\n<p><a href=\"https:\/\/sites.icb.ufmg.br\/pginovacao\/wp-content\/uploads\/2026\/01\/Banca-Examinadora-Primeira-Etapa-3.pdf\" target=\"_blank\" rel=\"noopener\">Banca Examinadora &#8211; Primeira Etapa<\/a><\/p>\n<p><a href=\"https:\/\/sites.icb.ufmg.br\/pginovacao\/wp-content\/uploads\/2026\/01\/Resultado-das-inscricoes-1.pdf\" target=\"_blank\" rel=\"noopener\">Resultado das inscri\u00e7\u00f5es<\/a><\/p>\n<p><a href=\"https:\/\/sites.icb.ufmg.br\/pginovacao\/wp-content\/uploads\/2024\/12\/Formulario-de-inscricao-1.pdf\" target=\"_blank\" rel=\"noopener\">Formul\u00e1rio de inscri\u00e7\u00e3o<\/a><\/p>\n<p><a href=\"https:\/\/sites.icb.ufmg.br\/pginovacao\/wp-content\/uploads\/2024\/12\/MODELO-DE-RELATORIO-DO-MEDICO-ASSISTENTE.pdf\" target=\"_blank\" rel=\"noopener\">MODELO DE RELAT\u00d3RIO DO M\u00c9DICO ASSISTENTE<\/a><\/p>\n<p><a href=\"https:\/\/sites.icb.ufmg.br\/pginovacao\/wp-content\/uploads\/2024\/12\/FORMULARIO-DE-SOLICITACAO-DE-CONDICOES-ESPECIAIS-PARA-A-REALIZACAO-DA-PROVA.pdf\" target=\"_blank\" rel=\"noopener\">FORMUL\u00c1RIO DE SOLICITA\u00c7\u00c3O DE CONDI\u00c7\u00d5ES ESPECIAIS PARA A REALIZA\u00c7\u00c3O DA PROVA<\/a><\/p>\n<p><a href=\"https:\/\/sites.icb.ufmg.br\/pginovacao\/wp-content\/uploads\/2024\/12\/DECLARACAO-DE-RESIDENCIA-EM-COMUNIDADE-INDIGENA.pdf\">DECLARA\u00c7\u00c3O DE RESID\u00caNCIA EM COMUNIDADE IND\u00cdGENA<\/a><\/p>\n<p><a href=\"https:\/\/sites.icb.ufmg.br\/pginovacao\/wp-content\/uploads\/2024\/12\/DECLARACAO-DE-LIDERANCAS-INDIGENAS.pdf\" target=\"_blank\" rel=\"noopener\">DECLARA\u00c7\u00c3O DE LIDERAN\u00c7AS IND\u00cdGENAS<\/a><\/p>\n<p><a href=\"https:\/\/sites.icb.ufmg.br\/pginovacao\/wp-content\/uploads\/2024\/12\/DECLARACAO-DE-AUTORRECONHECIMENTO-INDIGENA.pdf\" target=\"_blank\" rel=\"noopener\">DECLARA\u00c7\u00c3O DE AUTORRECONHECIMENTO IND\u00cdGENA<\/a><\/p>\n<p><a href=\"https:\/\/sites.icb.ufmg.br\/pginovacao\/wp-content\/uploads\/2026\/01\/Autodeclaracao-de-pessoa-com-deficiencia.pdf\" target=\"_blank\" rel=\"noopener\">Autodeclara\u00e7\u00e3o-de-pessoa-com-defici\u00eancia<\/a><\/p>\n<p><a href=\"https:\/\/sites.icb.ufmg.br\/pginovacao\/wp-content\/uploads\/2025\/12\/Edital-suplementar-2026.pdf\">Edital suplementar 2026<\/a><\/p>\n<p>&nbsp;<\/p>\n<h4>Processo Seletivo 2025-2<\/h4>\n<h4>(Suplementar: vagas reservadas para PCD e ind\u00edgenas)<\/h4>\n<p>N\u00e3o houve inscritos<\/p>\n<p><a href=\"https:\/\/sites.icb.ufmg.br\/pginovacao\/wp-content\/uploads\/2025\/05\/Cronograma-vagas-remanescentes-Mestrado-Profissional-3.pdf\" target=\"_blank\" rel=\"noopener\">Cronograma (SUPLEMENTAR) &#8211; vagas remanescentes &#8211; 2\u00b0 semestre de 2025<\/a><\/p>\n<p>&nbsp;<\/p>\n<h4>Processo Seletivo 2025-1 (Suplementar: vagas reservadas para PCD e ind\u00edgenas)<\/h4>\n<p>N\u00e3o houve inscritos para a sele\u00e7\u00e3o<\/p>\n<p><a href=\"https:\/\/sites.icb.ufmg.br\/pginovacao\/wp-content\/uploads\/2024\/12\/Formulario-de-inscricao-1.pdf\" target=\"_blank\" rel=\"noopener\">Formul\u00e1rio de inscri\u00e7\u00e3o<\/a><\/p>\n<p><a href=\"https:\/\/sites.icb.ufmg.br\/pginovacao\/wp-content\/uploads\/2024\/12\/MODELO-DE-RELATORIO-DO-MEDICO-ASSISTENTE.pdf\" target=\"_blank\" rel=\"noopener\">MODELO DE RELAT\u00d3RIO DO M\u00c9DICO ASSISTENTE<\/a><\/p>\n<p><a href=\"https:\/\/sites.icb.ufmg.br\/pginovacao\/wp-content\/uploads\/2024\/12\/FORMULARIO-DE-SOLICITACAO-DE-CONDICOES-ESPECIAIS-PARA-A-REALIZACAO-DA-PROVA.pdf\" target=\"_blank\" rel=\"noopener\">FORMUL\u00c1RIO DE SOLICITA\u00c7\u00c3O DE CONDI\u00c7\u00d5ES ESPECIAIS PARA A REALIZA\u00c7\u00c3O DA PROVA<\/a><\/p>\n<p><a href=\"https:\/\/sites.icb.ufmg.br\/pginovacao\/wp-content\/uploads\/2024\/12\/DECLARACAO-DE-RESIDENCIA-EM-COMUNIDADE-INDIGENA.pdf\">DECLARA\u00c7\u00c3O DE RESID\u00caNCIA EM COMUNIDADE IND\u00cdGENA<\/a><\/p>\n<p><a href=\"https:\/\/sites.icb.ufmg.br\/pginovacao\/wp-content\/uploads\/2024\/12\/DECLARACAO-DE-LIDERANCAS-INDIGENAS.pdf\" target=\"_blank\" rel=\"noopener\">DECLARA\u00c7\u00c3O DE LIDERAN\u00c7AS IND\u00cdGENAS<\/a><\/p>\n<p><a href=\"https:\/\/sites.icb.ufmg.br\/pginovacao\/wp-content\/uploads\/2024\/12\/DECLARACAO-DE-AUTORRECONHECIMENTO-INDIGENA.pdf\" target=\"_blank\" rel=\"noopener\">DECLARA\u00c7\u00c3O DE AUTORRECONHECIMENTO IND\u00cdGENA<\/a><\/p>\n<p><a href=\"https:\/\/sites.icb.ufmg.br\/pginovacao\/wp-content\/uploads\/2026\/01\/Autodeclaracao-de-pessoa-com-deficiencia.pdf\">Autodeclara\u00e7\u00e3o-de-pessoa-com-defici\u00eancia<\/a><\/p>\n<p><a href=\"https:\/\/sites.icb.ufmg.br\/pginovacao\/wp-content\/uploads\/2024\/11\/Edital_Suplementar_ITPI_MP_2025.pdf\" target=\"_blank\" rel=\"noopener\">Edital Suplementar (Vagas para PCD e Ind\u00edgenas)<\/a><\/p>\n<p>&nbsp;<\/p>\n","protected":false},"excerpt":{"rendered":"<p>Processo Seletivo 2026-1 (Suplementar: vagas reservadas para PCD e ind\u00edgenas) &nbsp; Resultado &#8211; PRIMEIRA ETAPA Banca Examinadora &#8211; Primeira Etapa Resultado das inscri\u00e7\u00f5es Formul\u00e1rio de inscri\u00e7\u00e3o MODELO DE RELAT\u00d3RIO DO [&hellip;]<\/p>\n","protected":false},"author":4,"featured_media":0,"parent":0,"menu_order":0,"comment_status":"closed","ping_status":"closed","template":"","meta":{"_price":"","_stock":"","_tribe_ticket_header":"","_tribe_default_ticket_provider":"","_tribe_ticket_capacity":"0","_ticket_start_date":"","_ticket_end_date":"","_tribe_ticket_show_description":"","_tribe_ticket_show_not_going":false,"_tribe_ticket_use_global_stock":"","_tribe_ticket_global_stock_level":"","_global_stock_mode":"","_global_stock_cap":"","_tribe_rsvp_for_event":"","_tribe_ticket_going_count":"","_tribe_ticket_not_going_count":"","_tribe_tickets_list":"[]","_tribe_ticket_has_attendee_info_fields":false,"footnotes":"","_tec_slr_enabled":"","_tec_slr_layout":""},"class_list":["post-4388","page","type-page","status-publish","hentry"],"ticketed":false,"_links":{"self":[{"href":"https:\/\/sites.icb.ufmg.br\/pginovacao\/index.php\/wp-json\/wp\/v2\/pages\/4388","targetHints":{"allow":["GET"]}}],"collection":[{"href":"https:\/\/sites.icb.ufmg.br\/pginovacao\/index.php\/wp-json\/wp\/v2\/pages"}],"about":[{"href":"https:\/\/sites.icb.ufmg.br\/pginovacao\/index.php\/wp-json\/wp\/v2\/types\/page"}],"author":[{"embeddable":true,"href":"https:\/\/sites.icb.ufmg.br\/pginovacao\/index.php\/wp-json\/wp\/v2\/users\/4"}],"replies":[{"embeddable":true,"href":"https:\/\/sites.icb.ufmg.br\/pginovacao\/index.php\/wp-json\/wp\/v2\/comments?post=4388"}],"version-history":[{"count":35,"href":"https:\/\/sites.icb.ufmg.br\/pginovacao\/index.php\/wp-json\/wp\/v2\/pages\/4388\/revisions"}],"predecessor-version":[{"id":4649,"href":"https:\/\/sites.icb.ufmg.br\/pginovacao\/index.php\/wp-json\/wp\/v2\/pages\/4388\/revisions\/4649"}],"wp:attachment":[{"href":"https:\/\/sites.icb.ufmg.br\/pginovacao\/index.php\/wp-json\/wp\/v2\/media?parent=4388"}],"curies":[{"name":"wp","href":"https:\/\/api.w.org\/{rel}","templated":true}]}}

<h1>Processo Seletivo 2026-1</h1>
<h4>(Suplementar: vagas reservadas para PCD e indígenas)</h4>
<p>&nbsp;</p>
<p><a href="https://sites.icb.ufmg.br/pginovacao/wp-content/uploads/2026/01/Resultado-PRIMEIRA-ETAPA.pdf" target="_blank" rel="noopener">Resultado &#8211; PRIMEIRA ETAPA</a></p>
<p><a href="https://sites.icb.ufmg.br/pginovacao/wp-content/uploads/2026/01/Banca-Examinadora-Primeira-Etapa-3.pdf" target="_blank" rel="noopener">Banca Examinadora &#8211; Primeira Etapa</a></p>
<p><a href="https://sites.icb.ufmg.br/pginovacao/wp-content/uploads/2026/01/Resultado-das-inscricoes-1.pdf" target="_blank" rel="noopener">Resultado das inscrições</a></p>
<p><a href="https://sites.icb.ufmg.br/pginovacao/wp-content/uploads/2024/12/Formulario-de-inscricao-1.pdf" target="_blank" rel="noopener">Formulário de inscrição</a></p>
<p><a href="https://sites.icb.ufmg.br/pginovacao/wp-content/uploads/2024/12/MODELO-DE-RELATORIO-DO-MEDICO-ASSISTENTE.pdf" target="_blank" rel="noopener">MODELO DE RELATÓRIO DO MÉDICO ASSISTENTE</a></p>
<p><a href="https://sites.icb.ufmg.br/pginovacao/wp-content/uploads/2024/12/FORMULARIO-DE-SOLICITACAO-DE-CONDICOES-ESPECIAIS-PARA-A-REALIZACAO-DA-PROVA.pdf" target="_blank" rel="noopener">FORMULÁRIO DE SOLICITAÇÃO DE CONDIÇÕES ESPECIAIS PARA A REALIZAÇÃO DA PROVA</a></p>
<p><a href="https://sites.icb.ufmg.br/pginovacao/wp-content/uploads/2024/12/DECLARACAO-DE-RESIDENCIA-EM-COMUNIDADE-INDIGENA.pdf">DECLARAÇÃO DE RESIDÊNCIA EM COMUNIDADE INDÍGENA</a></p>
<p><a href="https://sites.icb.ufmg.br/pginovacao/wp-content/uploads/2024/12/DECLARACAO-DE-LIDERANCAS-INDIGENAS.pdf" target="_blank" rel="noopener">DECLARAÇÃO DE LIDERANÇAS INDÍGENAS</a></p>
<p><a href="https://sites.icb.ufmg.br/pginovacao/wp-content/uploads/2024/12/DECLARACAO-DE-AUTORRECONHECIMENTO-INDIGENA.pdf" target="_blank" rel="noopener">DECLARAÇÃO DE AUTORRECONHECIMENTO INDÍGENA</a></p>
<p><a href="https://sites.icb.ufmg.br/pginovacao/wp-content/uploads/2026/01/Autodeclaracao-de-pessoa-com-deficiencia.pdf" target="_blank" rel="noopener">Autodeclaração-de-pessoa-com-deficiência</a></p>
<p><a href="https://sites.icb.ufmg.br/pginovacao/wp-content/uploads/2025/12/Edital-suplementar-2026.pdf">Edital suplementar 2026</a></p>
<p>&nbsp;</p>
<h4>Processo Seletivo 2025-2</h4>
<h4>(Suplementar: vagas reservadas para PCD e indígenas)</h4>
<p>Não houve inscritos</p>
<p><a href="https://sites.icb.ufmg.br/pginovacao/wp-content/uploads/2025/05/Cronograma-vagas-remanescentes-Mestrado-Profissional-3.pdf" target="_blank" rel="noopener">Cronograma (SUPLEMENTAR) &#8211; vagas remanescentes &#8211; 2° semestre de 2025</a></p>
<p>&nbsp;</p>
<h4>Processo Seletivo 2025-1 (Suplementar: vagas reservadas para PCD e indígenas)</h4>
<p>Não houve inscritos para a seleção</p>
<p><a href="https://sites.icb.ufmg.br/pginovacao/wp-content/uploads/2024/12/Formulario-de-inscricao-1.pdf" target="_blank" rel="noopener">Formulário de inscrição</a></p>
<p><a href="https://sites.icb.ufmg.br/pginovacao/wp-content/uploads/2024/12/MODELO-DE-RELATORIO-DO-MEDICO-ASSISTENTE.pdf" target="_blank" rel="noopener">MODELO DE RELATÓRIO DO MÉDICO ASSISTENTE</a></p>
<p><a href="https://sites.icb.ufmg.br/pginovacao/wp-content/uploads/2024/12/FORMULARIO-DE-SOLICITACAO-DE-CONDICOES-ESPECIAIS-PARA-A-REALIZACAO-DA-PROVA.pdf" target="_blank" rel="noopener">FORMULÁRIO DE SOLICITAÇÃO DE CONDIÇÕES ESPECIAIS PARA A REALIZAÇÃO DA PROVA</a></p>
<p><a href="https://sites.icb.ufmg.br/pginovacao/wp-content/uploads/2024/12/DECLARACAO-DE-RESIDENCIA-EM-COMUNIDADE-INDIGENA.pdf">DECLARAÇÃO DE RESIDÊNCIA EM COMUNIDADE INDÍGENA</a></p>
<p><a href="https://sites.icb.ufmg.br/pginovacao/wp-content/uploads/2024/12/DECLARACAO-DE-LIDERANCAS-INDIGENAS.pdf" target="_blank" rel="noopener">DECLARAÇÃO DE LIDERANÇAS INDÍGENAS</a></p>
<p><a href="https://sites.icb.ufmg.br/pginovacao/wp-content/uploads/2024/12/DECLARACAO-DE-AUTORRECONHECIMENTO-INDIGENA.pdf" target="_blank" rel="noopener">DECLARAÇÃO DE AUTORRECONHECIMENTO INDÍGENA</a></p>
<p><a href="https://sites.icb.ufmg.br/pginovacao/wp-content/uploads/2026/01/Autodeclaracao-de-pessoa-com-deficiencia.pdf">Autodeclaração-de-pessoa-com-deficiência</a></p>
<p><a href="https://sites.icb.ufmg.br/pginovacao/wp-content/uploads/2024/11/Edital_Suplementar_ITPI_MP_2025.pdf" target="_blank" rel="noopener">Edital Suplementar (Vagas para PCD e Indígenas)</a></p>
<p>&nbsp;</p>

<p>Processo Seletivo 2026-1 (Suplementar: vagas reservadas para PCD e indígenas) &nbsp; Resultado &#8211; PRIMEIRA ETAPA Banca Examinadora &#8211; Primeira Etapa Resultado das inscrições Formulário de inscrição MODELO DE RELATÓRIO DO [&hellip;]</p>
