{"id":84,"date":"2019-04-07T19:20:10","date_gmt":"2019-04-07T19:20:10","guid":{"rendered":"https:\/\/sites.icb.ufmg.br\/pginovacao\/\/?page_id=84"},"modified":"2026-02-06T09:59:04","modified_gmt":"2026-02-06T12:59:04","slug":"corpo-docente","status":"publish","type":"page","link":"https:\/\/sites.icb.ufmg.br\/pginovacao\/index.php\/corpo-docente\/","title":{"rendered":"Corpo Docente"},"content":{"rendered":"<table width=\"643\" cellspacing=\"0\" cellpadding=\"2\">\n<tbody>\n<tr>\n<td width=\"261\">\n<p align=\"center\">NOME<\/p>\n<\/td>\n<td width=\"262\">\n<p align=\"center\">E-MAIL<\/p>\n<\/td>\n<td width=\"108\">\n<p align=\"center\">LATTES<\/p>\n<\/td>\n<\/tr>\n<tr>\n<td width=\"261\">\n<p align=\"center\">Adriano Borges da Cunha<\/p>\n<\/td>\n<td width=\"262\">\n<p align=\"center\">adborgesc@gmail.com<\/p>\n<\/td>\n<td width=\"108\">\n<p align=\"center\"><a href=\"http:\/\/buscatextual.cnpq.br\/buscatextual\/visualizacv.do?id=K4746998P3&amp;tokenCaptchar=03AOLTBLRVtWudJEsIE_xsN37AUZ4IoNsraDIh-Gnf9Qulsp4mLEEJ2wPk9et0OTfNnXUpFK0gCcH3pO74m-STVSpEiPG2U6vbJViRyzvxYOmcl_nkbMK4OX5B_ZaISERtAt5StdHUW5OpSi8NjoO64Zzr69aiNLF1GKXXzAEl4W7Fijq_bvpk4mGwK94ik0087f6vu_KxFYgt9izy2oItH-ak2zfIHH1R_dylBrg9huxuRd4olQ_nxnmz5HBOySE4PE4D-ohyC_4aGv7avv36e32JNQ9cX46SWxrUfKqzy6Ur99eP_S_1M-hn83UdAVO5K646qo_tFTh8L7jBS4HPPhHUGbgPy0odalv49TipXZZBePHrF327JdFfsKsScQzs4W5tVcRw_h34L_kp786wuBSh-JAMaGyxi5vb1KUjJiIRMX2KMXWttMRff233bNYiI7ZnDZpK-pZK16urP9rNPCk3bTTU7XYJp1k7NU0Kee_moJieLf9YLQB-yuUR4FHHOZvzWrzWY4m5\" target=\"_blank\" rel=\"noopener\">Acessar<\/a><\/p>\n<\/td>\n<\/tr>\n<tr>\n<td width=\"261\">\n<p align=\"center\">Alexandre Travessoni G. Trivisonno<\/p>\n<\/td>\n<td width=\"262\">\n<p align=\"center\">travessoni@direito.ufmg.br<\/p>\n<\/td>\n<td width=\"108\">\n<p align=\"center\"><a href=\"http:\/\/buscatextual.cnpq.br\/buscatextual\/visualizacv.do?id=K4771046P5\" target=\"_blank\" rel=\"noopener\">Acessar<\/a><\/p>\n<\/td>\n<\/tr>\n<tr>\n<td width=\"261\">\n<p align=\"center\">Allan Claudius Queiroz Barbosa<\/p>\n<\/td>\n<td width=\"262\">\n<p align=\"center\">allan@face.ufmg.br<\/p>\n<\/td>\n<td width=\"108\">\n<p align=\"center\"><a href=\"http:\/\/buscatextual.cnpq.br\/buscatextual\/visualizacv.do?id=K4782172T5\" target=\"_blank\" rel=\"noopener\">Acessar<\/a><\/p>\n<\/td>\n<\/tr>\n<tr>\n<td width=\"261\">\n<p align=\"center\">Ana Val\u00e9ria Carneiro Dias<\/p>\n<\/td>\n<td width=\"262\">\n<p align=\"center\">anaval@dep.ufmg.br<\/p>\n<\/td>\n<td width=\"108\">\n<p align=\"center\"><a href=\"http:\/\/buscatextual.cnpq.br\/buscatextual\/visualizacv.do?id=K4760127T3\" target=\"_blank\" rel=\"noopener\">Acessar<\/a><\/p>\n<\/td>\n<\/tr>\n<tr>\n<td width=\"261\">\n<p align=\"center\">Andre Augusto Gomes Faraco<\/p>\n<\/td>\n<td width=\"262\">\n<p align=\"center\">andre.faraco@gmail.com<\/p>\n<\/td>\n<td width=\"108\">\n<p align=\"center\"><a href=\"http:\/\/lattes.cnpq.br\/3394654565404956\" target=\"_blank\" rel=\"noopener\">Acessar<\/a><\/p>\n<\/td>\n<\/tr>\n<tr>\n<td width=\"261\">\n<p align=\"center\">Carlos Alberto Tagliati<\/p>\n<\/td>\n<td width=\"262\">\n<p align=\"center\">carlostagliati@farmacia.ufmg.br<\/p>\n<\/td>\n<td width=\"108\">\n<p align=\"center\"><a href=\"http:\/\/buscatextual.cnpq.br\/buscatextual\/visualizacv.do?id=K4798590J2\" target=\"_blank\" rel=\"noopener\">Acessar<\/a><\/p>\n<\/td>\n<\/tr>\n<tr>\n<td width=\"261\">\n<p align=\"center\">Daniel Cunha Elias<\/p>\n<\/td>\n<td width=\"262\">\n<p align=\"center\">dcelias@fisica.ufmg.br<\/p>\n<\/td>\n<td width=\"108\">\n<p align=\"center\"><span style=\"color: #000080;\"><u><a href=\"http:\/\/lattes.cnpq.br\/8679644805781186\" target=\"_blank\" rel=\"noopener\">Acessar<\/a> <\/u><\/span><\/p>\n<\/td>\n<\/tr>\n<tr>\n<td width=\"261\">\n<p align=\"center\">Eduardo da Motta e Albuquerque<\/p>\n<\/td>\n<td width=\"262\">\n<p align=\"center\">albuquer@cedeplar.ufmg.br<\/p>\n<\/td>\n<td width=\"108\">\n<p align=\"center\"><a href=\"http:\/\/lattes.cnpq.br\/6966612518135380\" target=\"_blank\" rel=\"noopener\">Acessar<\/a><\/p>\n<\/td>\n<\/tr>\n<tr>\n<td width=\"261\">\n<p align=\"center\">Eduardo de Campos Valadares<\/p>\n<\/td>\n<td width=\"262\">\n<p align=\"center\">ecamposv@fisica.ufmg.br<\/p>\n<\/td>\n<td width=\"108\">\n<p align=\"center\"><a href=\"http:\/\/buscatextual.cnpq.br\/buscatextual\/visualizacv.do?id=K4783022H4\" target=\"_blank\" rel=\"noopener\">Acessar<\/a><\/p>\n<\/td>\n<\/tr>\n<tr>\n<td width=\"261\">\n<p align=\"center\">Eduardo Romeiro Filho<\/p>\n<\/td>\n<td width=\"262\">\n<p align=\"center\">romeiro@dep.ufmg.br<\/p>\n<\/td>\n<td width=\"108\">\n<p align=\"center\"><a href=\"http:\/\/buscatextual.cnpq.br\/buscatextual\/visualizacv.do?id=K4728492H7\" target=\"_blank\" rel=\"noopener\">Acessar<\/a><\/p>\n<\/td>\n<\/tr>\n<tr>\n<td width=\"261\">\n<p align=\"center\">Elaine Maria de Souza Fagundes<\/p>\n<\/td>\n<td width=\"262\">\n<p align=\"center\">elainefagundes@icb.ufmg.br<\/p>\n<\/td>\n<td width=\"108\">\n<p align=\"center\"><a href=\"http:\/\/buscatextual.cnpq.br\/buscatextual\/visualizacv.do?id=K4791474A6\" target=\"_blank\" rel=\"noopener\">Acessar<\/a><\/p>\n<\/td>\n<\/tr>\n<tr>\n<td width=\"261\">\n<p align=\"center\">\u00c9rico Franco Mineiro<\/p>\n<\/td>\n<td width=\"262\">\n<p align=\"center\">erico.acad@gmail.com<\/p>\n<\/td>\n<td width=\"108\">\n<p align=\"center\"><a href=\"http:\/\/buscatextual.cnpq.br\/buscatextual\/visualizacv.do?id=K4246652U6\" target=\"_blank\" rel=\"noopener\">Acessar<\/a><\/p>\n<\/td>\n<\/tr>\n<tr>\n<td width=\"261\">\n<p align=\"center\">Fabr\u00edcio Bertini Pasquot Polido<\/p>\n<\/td>\n<td width=\"262\">\n<p align=\"center\">fpolido@ufmg.br<\/p>\n<\/td>\n<td width=\"108\">\n<p align=\"center\"><a href=\"http:\/\/buscatextual.cnpq.br\/buscatextual\/visualizacv.do?id=K4764197Z9\" target=\"_blank\" rel=\"noopener\">Acessar<\/a><\/p>\n<\/td>\n<\/tr>\n<tr>\n<td width=\"261\">\n<p align=\"center\">Francisco Vidal Barbosa<\/p>\n<\/td>\n<td width=\"262\">\n<p align=\"center\">fbarbosa@face.ufmg.br<\/p>\n<\/td>\n<td width=\"108\">\n<p align=\"center\"><a href=\"http:\/\/buscatextual.cnpq.br\/buscatextual\/visualizacv.do?id=K4781099U6\" target=\"_blank\" rel=\"noopener\">Acessar<\/a><\/p>\n<\/td>\n<\/tr>\n<tr>\n<td width=\"261\">\n<p align=\"center\">Frederic Jean Georges Frezard<\/p>\n<\/td>\n<td width=\"262\">\n<p align=\"center\">frezard@icb.ufmg.br<\/p>\n<\/td>\n<td width=\"108\">\n<p align=\"center\"><a href=\"http:\/\/buscatextual.cnpq.br\/buscatextual\/visualizacv.do?id=K4795971J2\" target=\"_blank\" rel=\"noopener\">Acessar<\/a><\/p>\n<\/td>\n<\/tr>\n<tr>\n<td width=\"261\">\n<p align=\"center\">Joao Paulo Ataide Martins<\/p>\n<\/td>\n<td width=\"262\">\n<p align=\"center\">joaopauloam@gmail.com<\/p>\n<\/td>\n<td width=\"108\">\n<p align=\"center\"><a href=\"http:\/\/lattes.cnpq.br\/1745910597173731\">Acessar<\/a><\/p>\n<\/td>\n<\/tr>\n<tr>\n<td width=\"261\">\n<p align=\"center\">Lucas Vinicius Ribeiro Alves<\/p>\n<\/td>\n<td style=\"text-align: center;\" width=\"262\">lucasalves@teiacoltec.org<\/td>\n<td width=\"108\">\n<p align=\"center\"><a href=\"http:\/\/lattes.cnpq.br\/0151884196328543\">Acessar<\/a><\/p>\n<\/td>\n<\/tr>\n<tr>\n<td width=\"261\">\n<p align=\"center\">Luiz Gustavo de Oliveira Lopes Cancado<\/p>\n<\/td>\n<td width=\"262\">\n<p align=\"center\">cancado@fisica.ufmg.br<\/p>\n<\/td>\n<td width=\"108\">\n<p align=\"center\"><a href=\"http:\/\/lattes.cnpq.br\/3576569061976864\"><span style=\"color: #000080;\"><u>Acessar<\/u><\/span><\/a><\/p>\n<\/td>\n<\/tr>\n<tr>\n<td width=\"261\">\n<p align=\"center\">Marcelo Gomes Speziali<\/p>\n<\/td>\n<td width=\"262\">\n<p align=\"center\">marcelospeziali@gmail.com<\/p>\n<\/td>\n<td width=\"108\">\n<p align=\"center\"><a href=\"http:\/\/buscatextual.cnpq.br\/buscatextual\/visualizacv.do?id=K4734111J9\" target=\"_blank\" rel=\"noopener\">Acessar<\/a><\/p>\n<\/td>\n<\/tr>\n<tr>\n<td width=\"261\">\n<p align=\"center\">M\u00e1rcia Siqueira Rapini<\/p>\n<\/td>\n<td width=\"262\">\n<p align=\"center\">msrapini@cedeplar.ufmg.br<\/p>\n<\/td>\n<td width=\"108\">\n<p align=\"center\"><a href=\"http:\/\/buscatextual.cnpq.br\/buscatextual\/visualizacv.do?id=K4765682H8\" target=\"_blank\" rel=\"noopener\">Acessar<\/a><\/p>\n<\/td>\n<\/tr>\n<tr>\n<td width=\"261\">\n<p align=\"center\">Maria de Fatima Leite<\/p>\n<\/td>\n<td width=\"262\">\n<p align=\"center\">leitemd@ufmg.br<\/p>\n<\/td>\n<td width=\"108\">\n<p align=\"center\"><a href=\"http:\/\/lattes.cnpq.br\/8992951405803858\">Acessar<\/a><\/p>\n<\/td>\n<\/tr>\n<tr>\n<td width=\"261\">\n<p align=\"center\">Maria Cec\u00edlia Pereira<\/p>\n<\/td>\n<td width=\"262\">\n<p align=\"center\">ceciliaufmg@gmail.com<\/p>\n<\/td>\n<td width=\"108\">\n<p align=\"center\"><a href=\"http:\/\/buscatextual.cnpq.br\/buscatextual\/visualizacv.do?id=K4702294Y5\" target=\"_blank\" rel=\"noopener\">Acessar<\/a><\/p>\n<\/td>\n<\/tr>\n<tr>\n<td width=\"261\">\n<p align=\"center\">Mar\u00eda Esperanza Cort\u00e9s Segura<\/p>\n<\/td>\n<td width=\"262\">\n<p align=\"center\">mecortes@ufmg.br<\/p>\n<\/td>\n<td width=\"108\">\n<p align=\"center\"><a href=\"http:\/\/buscatextual.cnpq.br\/buscatextual\/visualizacv.do?id=K4792006H5\" target=\"_blank\" rel=\"noopener\">Acessar<\/a><\/p>\n<\/td>\n<\/tr>\n<tr>\n<td width=\"261\">\n<p align=\"center\">Maria Jose Campagnole dos Santos<\/p>\n<\/td>\n<td width=\"262\">\n<p align=\"center\">mjcampagnole.ufmg@gmail.com<\/p>\n<\/td>\n<td width=\"108\">\n<p align=\"center\"><a href=\"http:\/\/buscatextual.cnpq.br\/buscatextual\/visualizacv.do?id=K4793321J3\" target=\"_blank\" rel=\"noopener\">Acessar<\/a><\/p>\n<\/td>\n<\/tr>\n<tr>\n<td width=\"261\">\n<p align=\"center\">Paulo Afonso Granjeiro<\/p>\n<\/td>\n<td width=\"262\">\n<p align=\"center\">pagranjeiro@gmail.com<\/p>\n<\/td>\n<td width=\"108\">\n<p align=\"center\"><a href=\"http:\/\/lattes.cnpq.br\/3487127981793274\"><span style=\"color: #000080;\"><u>Acessar<\/u><\/span><\/a><\/p>\n<\/td>\n<\/tr>\n<tr>\n<td width=\"261\">\n<p align=\"center\">Pedro Guatimosim Vidigal<\/p>\n<\/td>\n<td width=\"262\">\n<p align=\"center\">pedrovidigal@medicina.ufmg.br<\/p>\n<\/td>\n<td width=\"108\">\n<p align=\"center\"><a href=\"http:\/\/buscatextual.cnpq.br\/buscatextual\/visualizacv.do?id=K4790549U3\" target=\"_blank\" rel=\"noopener\">Acessar<\/a><\/p>\n<\/td>\n<\/tr>\n<tr>\n<td width=\"261\">\n<p align=\"center\">Rafael Augusto Seixas Reis de Paula<\/p>\n<\/td>\n<td style=\"text-align: center;\" width=\"262\">rafaelaugustoseixas@gmail.com<\/td>\n<td width=\"108\">\n<p align=\"center\"><a href=\"http:\/\/lattes.cnpq.br\/8660951851556371\">Acessar<\/a><\/p>\n<\/td>\n<\/tr>\n<tr>\n<td width=\"261\">\n<p align=\"center\">Raoni Barros Bagno<\/p>\n<\/td>\n<td width=\"262\">\n<p align=\"center\">rbagno@ufmg.br<\/p>\n<\/td>\n<td width=\"108\">\n<p align=\"center\"><a href=\"http:\/\/buscatextual.cnpq.br\/buscatextual\/visualizacv.do?id=K4268640H6\" target=\"_blank\" rel=\"noopener\">Acessar<\/a><\/p>\n<\/td>\n<\/tr>\n<tr>\n<td width=\"261\">\n<p align=\"center\">Rita de C\u00e1ssia de Oliveira Sebasti\u00e3o<\/p>\n<\/td>\n<td width=\"262\">\n<p align=\"center\">ritacos@qui.ufmg.br<\/p>\n<\/td>\n<td width=\"108\">\n<p align=\"center\"><a href=\"http:\/\/buscatextual.cnpq.br\/buscatextual\/visualizacv.do?id=K4706354E9&amp;tokenCaptchar=03AOLTBLQSr89X1_Lw3OChdT__wlD7UCNMYx5aL9HrIcx24OWs9wRrxjJd5hxJRu3eQPQLr-qdasmBIU-oNX5yjBTWCULcgeiAoGBywYMqpKuoHRjV_y_LmZ-m4qor5TjNkz8nWHkEPN9m0qf4By9ixrsPD5AP35HQl6v2XytDt9aL3fF2y4gOayaOmNcqIOkcS_nChcLE2ozgXhynpelytPjqJZxuMqAPYVl8IiWr5HYK6INsI7BaCWYO00v24LjESDkS7Ls7CHfKaKGUIOW4CmCbiQsx1XDf9w_rw7vUp7DuzS1UC7Gb8D9svwTbNh-ZKIUr2igpbhFAsY0unnYHMEObxaBVLqZabW19NrG-tE2sYpLFGhFhtZ7vln6X-AsHLstAvtFipq764icdy67VhipKacdZDz157e-g4DBljYvkBoaABgNCihA-vnJVuBm9_bTh-IpaoB1Q2sbS1EzQ_PjKnll_NwwM3NwbxRNDnyEzs8eToeyMIIvYz3iU2aBvhfWJ3IOtjFjNscMDndOweCziCR_xBCriaA\" target=\"_blank\" rel=\"noopener\">Acessar<\/a><\/p>\n<\/td>\n<\/tr>\n<tr>\n<td width=\"261\">\n<p align=\"center\">Robson Augusto Souza dos Santos<\/p>\n<\/td>\n<td width=\"262\">\n<p align=\"center\">robsonsant@gmail.com<\/p>\n<\/td>\n<td width=\"108\">\n<p align=\"center\"><a href=\"http:\/\/buscatextual.cnpq.br\/buscatextual\/visualizacv.do?id=K4787779P0\" target=\"_blank\" rel=\"noopener\">Acessar<\/a><\/p>\n<\/td>\n<\/tr>\n<tr>\n<td width=\"261\">\n<p align=\"center\">Ruben Dario Sinisterra Mill\u00e1n<\/p>\n<\/td>\n<td width=\"262\">\n<p align=\"center\">sinisterra@ufmg.br<\/p>\n<\/td>\n<td width=\"108\">\n<p align=\"center\"><a href=\"http:\/\/buscatextual.cnpq.br\/buscatextual\/visualizacv.do?id=K4723246J9\" target=\"_blank\" rel=\"noopener\">Acessar<\/a><\/p>\n<\/td>\n<\/tr>\n<tr>\n<td width=\"261\">\n<p align=\"center\">Thiago Verano Braga<\/p>\n<\/td>\n<td width=\"262\">\n<p align=\"center\">tvbraga@icb.ufmg.br<\/p>\n<\/td>\n<td width=\"108\">\n<p align=\"center\"><a href=\"http:\/\/buscatextual.cnpq.br\/buscatextual\/visualizacv.do?id=K4771580H0\" target=\"_blank\" rel=\"noopener\">Acessar<\/a><\/p>\n<\/td>\n<\/tr>\n<tr>\n<td width=\"261\">\n<p align=\"center\">Vasco Ariston de Carvalho Azevedo<\/p>\n<\/td>\n<td width=\"262\">\n<p align=\"center\">vasco@icb.ufmg.br<\/p>\n<\/td>\n<td width=\"108\">\n<p align=\"center\"><a href=\"http:\/\/buscatextual.cnpq.br\/buscatextual\/visualizacv.do?id=K4787259E8\" target=\"_blank\" rel=\"noopener\">Acessar<\/a><\/p>\n<\/td>\n<\/tr>\n<\/tbody>\n<\/table>\n<p>O corpo de professores\u00a0do curso \u00e9 constitu\u00eddo por docentes\u00a0permanentes\u00a0ou colaboradores.\u00a0Todos os docentes s\u00e3o portadores do t\u00edtulo de Doutor(a), ou equivalente, e t\u00eam credenciamento aprovado pelo Colegiado do curso.<\/p>\n<p>&nbsp;<\/p>\n","protected":false},"excerpt":{"rendered":"<p>NOME E-MAIL LATTES Adriano Borges da Cunha adborgesc@gmail.com Acessar Alexandre Travessoni G. Trivisonno travessoni@direito.ufmg.br Acessar Allan Claudius Queiroz Barbosa allan@face.ufmg.br Acessar Ana Val\u00e9ria Carneiro Dias anaval@dep.ufmg.br Acessar Andre Augusto Gomes [&hellip;]<\/p>\n","protected":false},"author":4,"featured_media":0,"parent":0,"menu_order":0,"comment_status":"closed","ping_status":"closed","template":"","meta":{"_price":"","_stock":"","_tribe_ticket_header":"","_tribe_default_ticket_provider":"","_tribe_ticket_capacity":"0","_ticket_start_date":"","_ticket_end_date":"","_tribe_ticket_show_description":"","_tribe_ticket_show_not_going":false,"_tribe_ticket_use_global_stock":"","_tribe_ticket_global_stock_level":"","_global_stock_mode":"","_global_stock_cap":"","_tribe_rsvp_for_event":"","_tribe_ticket_going_count":"","_tribe_ticket_not_going_count":"","_tribe_tickets_list":"[]","_tribe_ticket_has_attendee_info_fields":false,"footnotes":"","_tec_slr_enabled":"","_tec_slr_layout":""},"class_list":["post-84","page","type-page","status-publish","hentry"],"ticketed":false,"_links":{"self":[{"href":"https:\/\/sites.icb.ufmg.br\/pginovacao\/index.php\/wp-json\/wp\/v2\/pages\/84","targetHints":{"allow":["GET"]}}],"collection":[{"href":"https:\/\/sites.icb.ufmg.br\/pginovacao\/index.php\/wp-json\/wp\/v2\/pages"}],"about":[{"href":"https:\/\/sites.icb.ufmg.br\/pginovacao\/index.php\/wp-json\/wp\/v2\/types\/page"}],"author":[{"embeddable":true,"href":"https:\/\/sites.icb.ufmg.br\/pginovacao\/index.php\/wp-json\/wp\/v2\/users\/4"}],"replies":[{"embeddable":true,"href":"https:\/\/sites.icb.ufmg.br\/pginovacao\/index.php\/wp-json\/wp\/v2\/comments?post=84"}],"version-history":[{"count":87,"href":"https:\/\/sites.icb.ufmg.br\/pginovacao\/index.php\/wp-json\/wp\/v2\/pages\/84\/revisions"}],"predecessor-version":[{"id":4678,"href":"https:\/\/sites.icb.ufmg.br\/pginovacao\/index.php\/wp-json\/wp\/v2\/pages\/84\/revisions\/4678"}],"wp:attachment":[{"href":"https:\/\/sites.icb.ufmg.br\/pginovacao\/index.php\/wp-json\/wp\/v2\/media?parent=84"}],"curies":[{"name":"wp","href":"https:\/\/api.w.org\/{rel}","templated":true}]}}