{"id":84,"date":"2019-04-07T19:20:10","date_gmt":"2019-04-07T19:20:10","guid":{"rendered":"https:\/\/sites.icb.ufmg.br\/pginovacao\/\/?page_id=84"},"modified":"2026-08-11T12:48:34","modified_gmt":"2026-08-11T15:48:34","slug":"corpo-docente","status":"publish","type":"page","link":"https:\/\/sites.icb.ufmg.br\/pginovacao\/index.php\/corpo-docente\/","title":{"rendered":"Corpo Docente"},"content":{"rendered":"<p>&nbsp;<\/p>\n<p>&nbsp;<\/p>\n<p>A distribui\u00e7\u00e3o do corpo docente por \u00e1rea de concentra\u00e7\u00e3o pode ser encontrada no PDF: <a href=\"https:\/\/sites.icb.ufmg.br\/pginovacao\/wp-content\/uploads\/2026\/08\/Professores-por-area-de-concentracao.pdf\" target=\"_blank\" rel=\"noopener\">Professores por \u00e1rea de concentra\u00e7\u00e3o<\/a><\/p>\n<p>O corpo de professores do curso \u00e9 constitu\u00eddo por docentes permanentes ou colaboradores. Todos os docentes s\u00e3o portadores do t\u00edtulo de Doutor(a), ou equivalente, e t\u00eam credenciamento aprovado pelo Colegiado do curso.<\/p>\n<p>&nbsp;<\/p>\n<ol>\n<li style=\"list-style-type: none;\">\n<ol>\n<li style=\"list-style-type: none;\">\n<ol>\n<li style=\"list-style-type: none;\">\n<ol>\n<li style=\"list-style-type: none;\">\n<ol>\n<li><span style=\"font-weight: 400;\">Adriano Borges da Cunha &#8211; COLTEC &#8211; adborgesc@gmail.com<\/span><\/li>\n<li>Allan Claudius Queiroz Barbosa &#8211; FACE &#8211; allan@face.ufmg.br<\/li>\n<li>Ana Paula de Carvalho Teixeira &#8211; ICEX &#8211; <span style=\"font-weight: 400;\">anapaula.cta1@gmail.com<\/span><\/li>\n<li>Ana Val\u00e9ria Carneiro Dias &#8211; ESCOLA DE ENGENHARIA \u2013 anaval@ufmg.br<\/li>\n<li>Carlos Alberto Tagliati &#8211; FARM\u00c1CIA \u2013 carlostagliati@gmail.com<\/li>\n<li>Eduardo da Motta e Albuquerque &#8211; FACE &#8211; albuquer@cedeplar.ufmg.br<\/li>\n<li>Eduardo de Campos Valadares &#8211; ICEX &#8211; ecamposv@fisica.ufmg.br<\/li>\n<li>Eduardo Romeiro Filho &#8211; ESCOLA DE ENGENHARIA\u00a0&#8211; romeiro@dep.ufmg.br<\/li>\n<li>Elaine Maria de Souza Fagundes &#8211; ICB &#8211; elainefagundes@icb.ufmg.br<\/li>\n<li>\u00c9rico Franco Mineiro &#8211; Escola de Arquitetura &#8211; erico.acad@gmail.com<\/li>\n<li>Fabr\u00edcio Bertini Pasquot Polido &#8211; Faculdade de Direito &#8211; fpolido@ufmg.br<\/li>\n<li>Francisco Vidal Barbosa &#8211; FACE &#8211; fbarbosa@face.ufmg.br<\/li>\n<li>Frederic Jean Georges Frezard &#8211; ICB &#8211; frezard@icb.ufmg.br<\/li>\n<li>Joao Paulo Ataide Martins &#8211; ICEx &#8211; joaopauloam@gmail.com<\/li>\n<li>Lucas Vinicius Ribeiro Alves &#8211; COLTEC &#8211; lucasalves@teiacoltec.org<\/li>\n<li>Marcelo Gomes Speziali &#8211; UFOP &#8211; marcelospeziali@gmail.com<\/li>\n<li>M\u00e1rcia Siqueira Rapini &#8211; FACE &#8211; msrapini@cedeplar.ufmg.br<\/li>\n<li>Maria de Fatima Leite &#8211; ICB &#8211; leitemd@ufmg.br<\/li>\n<li>Maria Cec\u00edlia Pereira &#8211; ESCOLA DE ENGENHARIA &#8211; cecilia@dep.ufmg.br<\/li>\n<li>Mar\u00eda Esperanza Cort\u00e9s Segura &#8211; ODONTOLOGIA- mecortes@ufmg.br<\/li>\n<li>Maria Jose Campagnole dos Santos &#8211; ICB &#8211; mjcs@icb.ufmg.br<\/li>\n<li>Paulo Afonso Granjeiro &#8211; UFSJ &#8211; pagranjeiro@gmail.com<\/li>\n<li>Pedro Guatimosim Vidigal &#8211; MEDICINA &#8211; pedrovidigal@medicina.ufmg.br<\/li>\n<li>Rafael Augusto Seixas Reis de Paula &#8211; ESCOLA DE ENGENHARIA &#8211; rafaelaugustoseixas@gmail.com<\/li>\n<li>Raoni Barros Bagno &#8211; ESCOLA DE ENGENHARIA &#8211; rbagno@ufmg.br<\/li>\n<li>Rita de C\u00e1ssia de Oliveira Sebasti\u00e3o &#8211; ICEx &#8211; ritacos@gmail.com<\/li>\n<li>Robson Augusto Souza dos Santos &#8211; ICB &#8211; robsonsant@gmail.com<\/li>\n<li>Ruben Dario Sinisterra Mill\u00e1n &#8211; ICEX &#8211; sinisterra@ufmg.br<\/li>\n<li>Thiago Verano Braga &#8211; ICB &#8211; tvbraga@icb.ufmg.br<\/li>\n<li>Vasco Ariston de Carvalho Azevedo &#8211; ICB &#8211; vasco@icb.ufmg.br<\/li>\n<\/ol>\n<\/li>\n<\/ol>\n<\/li>\n<\/ol>\n<\/li>\n<\/ol>\n<\/li>\n<\/ol>\n<p>&nbsp;<\/p>\n","protected":false},"excerpt":{"rendered":"<p>&nbsp; &nbsp; A distribui\u00e7\u00e3o do corpo docente por \u00e1rea de concentra\u00e7\u00e3o pode ser encontrada no PDF: Professores por \u00e1rea de concentra\u00e7\u00e3o O corpo de professores do curso \u00e9 constitu\u00eddo por [&hellip;]<\/p>\n","protected":false},"author":4,"featured_media":0,"parent":0,"menu_order":0,"comment_status":"closed","ping_status":"closed","template":"","meta":{"_price":"","_stock":"","_tribe_ticket_header":"","_tribe_default_ticket_provider":"","_tribe_ticket_capacity":"0","_ticket_start_date":"","_ticket_end_date":"","_tribe_ticket_show_description":"","_tribe_ticket_show_not_going":false,"_tribe_ticket_use_global_stock":"","_tribe_ticket_global_stock_level":"","_global_stock_mode":"","_global_stock_cap":"","_tribe_rsvp_for_event":"","_tribe_ticket_going_count":"","_tribe_ticket_not_going_count":"","_tribe_tickets_list":"[]","_tribe_ticket_has_attendee_info_fields":false,"footnotes":"","_tec_slr_enabled":"","_tec_slr_layout":""},"class_list":["post-84","page","type-page","status-publish","hentry"],"ticketed":false,"_links":{"self":[{"href":"https:\/\/sites.icb.ufmg.br\/pginovacao\/index.php\/wp-json\/wp\/v2\/pages\/84","targetHints":{"allow":["GET"]}}],"collection":[{"href":"https:\/\/sites.icb.ufmg.br\/pginovacao\/index.php\/wp-json\/wp\/v2\/pages"}],"about":[{"href":"https:\/\/sites.icb.ufmg.br\/pginovacao\/index.php\/wp-json\/wp\/v2\/types\/page"}],"author":[{"embeddable":true,"href":"https:\/\/sites.icb.ufmg.br\/pginovacao\/index.php\/wp-json\/wp\/v2\/users\/4"}],"replies":[{"embeddable":true,"href":"https:\/\/sites.icb.ufmg.br\/pginovacao\/index.php\/wp-json\/wp\/v2\/comments?post=84"}],"version-history":[{"count":98,"href":"https:\/\/sites.icb.ufmg.br\/pginovacao\/index.php\/wp-json\/wp\/v2\/pages\/84\/revisions"}],"predecessor-version":[{"id":4837,"href":"https:\/\/sites.icb.ufmg.br\/pginovacao\/index.php\/wp-json\/wp\/v2\/pages\/84\/revisions\/4837"}],"wp:attachment":[{"href":"https:\/\/sites.icb.ufmg.br\/pginovacao\/index.php\/wp-json\/wp\/v2\/media?parent=84"}],"curies":[{"name":"wp","href":"https:\/\/api.w.org\/{rel}","templated":true}]}}

<p>&nbsp;</p>
<p>&nbsp;</p>
<p>A distribuição do corpo docente por área de concentração pode ser encontrada no PDF: <a href="https://sites.icb.ufmg.br/pginovacao/wp-content/uploads/2026/08/Professores-por-area-de-concentracao.pdf" target="_blank" rel="noopener">Professores por área de concentração</a></p>
<p>O corpo de professores do curso é constituído por docentes permanentes ou colaboradores. Todos os docentes são portadores do título de Doutor(a), ou equivalente, e têm credenciamento aprovado pelo Colegiado do curso.</p>
<p>&nbsp;</p>
<ol>
<li style="list-style-type: none;">
<ol>
<li style="list-style-type: none;">
<ol>
<li style="list-style-type: none;">
<ol>
<li style="list-style-type: none;">
<ol>
<li><span style="font-weight: 400;">Adriano Borges da Cunha &#8211; COLTEC &#8211; adborgesc@gmail.com</span></li>
<li>Allan Claudius Queiroz Barbosa &#8211; FACE &#8211; allan@face.ufmg.br</li>
<li>Ana Paula de Carvalho Teixeira &#8211; ICEX &#8211; <span style="font-weight: 400;">anapaula.cta1@gmail.com</span></li>
<li>Ana Valéria Carneiro Dias &#8211; ESCOLA DE ENGENHARIA – anaval@ufmg.br</li>
<li>Carlos Alberto Tagliati &#8211; FARMÁCIA – carlostagliati@gmail.com</li>
<li>Eduardo da Motta e Albuquerque &#8211; FACE &#8211; albuquer@cedeplar.ufmg.br</li>
<li>Eduardo de Campos Valadares &#8211; ICEX &#8211; ecamposv@fisica.ufmg.br</li>
<li>Eduardo Romeiro Filho &#8211; ESCOLA DE ENGENHARIA &#8211; romeiro@dep.ufmg.br</li>
<li>Elaine Maria de Souza Fagundes &#8211; ICB &#8211; elainefagundes@icb.ufmg.br</li>
<li>Érico Franco Mineiro &#8211; Escola de Arquitetura &#8211; erico.acad@gmail.com</li>
<li>Fabrício Bertini Pasquot Polido &#8211; Faculdade de Direito &#8211; fpolido@ufmg.br</li>
<li>Francisco Vidal Barbosa &#8211; FACE &#8211; fbarbosa@face.ufmg.br</li>
<li>Frederic Jean Georges Frezard &#8211; ICB &#8211; frezard@icb.ufmg.br</li>
<li>Joao Paulo Ataide Martins &#8211; ICEx &#8211; joaopauloam@gmail.com</li>
<li>Lucas Vinicius Ribeiro Alves &#8211; COLTEC &#8211; lucasalves@teiacoltec.org</li>
<li>Marcelo Gomes Speziali &#8211; UFOP &#8211; marcelospeziali@gmail.com</li>
<li>Márcia Siqueira Rapini &#8211; FACE &#8211; msrapini@cedeplar.ufmg.br</li>
<li>Maria de Fatima Leite &#8211; ICB &#8211; leitemd@ufmg.br</li>
<li>Maria Cecília Pereira &#8211; ESCOLA DE ENGENHARIA &#8211; cecilia@dep.ufmg.br</li>
<li>María Esperanza Cortés Segura &#8211; ODONTOLOGIA- mecortes@ufmg.br</li>
<li>Maria Jose Campagnole dos Santos &#8211; ICB &#8211; mjcs@icb.ufmg.br</li>
<li>Paulo Afonso Granjeiro &#8211; UFSJ &#8211; pagranjeiro@gmail.com</li>
<li>Pedro Guatimosim Vidigal &#8211; MEDICINA &#8211; pedrovidigal@medicina.ufmg.br</li>
<li>Rafael Augusto Seixas Reis de Paula &#8211; ESCOLA DE ENGENHARIA &#8211; rafaelaugustoseixas@gmail.com</li>
<li>Raoni Barros Bagno &#8211; ESCOLA DE ENGENHARIA &#8211; rbagno@ufmg.br</li>
<li>Rita de Cássia de Oliveira Sebastião &#8211; ICEx &#8211; ritacos@gmail.com</li>
<li>Robson Augusto Souza dos Santos &#8211; ICB &#8211; robsonsant@gmail.com</li>
<li>Ruben Dario Sinisterra Millán &#8211; ICEX &#8211; sinisterra@ufmg.br</li>
<li>Thiago Verano Braga &#8211; ICB &#8211; tvbraga@icb.ufmg.br</li>
<li>Vasco Ariston de Carvalho Azevedo &#8211; ICB &#8211; vasco@icb.ufmg.br</li>
</ol>
</li>
</ol>
</li>
</ol>
</li>
</ol>
</li>
</ol>
<p>&nbsp;</p>

<p>&nbsp; &nbsp; A distribuição do corpo docente por área de concentração pode ser encontrada no PDF: Professores por área de concentração O corpo de professores do curso é constituído por [&hellip;]</p>
