{"id":90,"date":"2019-04-07T19:24:24","date_gmt":"2019-04-07T19:24:24","guid":{"rendered":"https:\/\/sites.icb.ufmg.br\/pginovacao\/\/?page_id=90"},"modified":"2020-04-24T17:44:47","modified_gmt":"2020-04-24T20:44:47","slug":"matricula","status":"publish","type":"page","link":"https:\/\/sites.icb.ufmg.br\/pginovacao\/index.php\/matricula\/","title":{"rendered":"Matr\u00edcula"},"content":{"rendered":"<p>Matr\u00edcula \u00e9 a inscri\u00e7\u00e3o de um registro discente em disciplina ou em outra atividade acad\u00eamica a ser desenvolvida em um per\u00edodo letivo.<\/p>\n<p>Os alunos\u00a0de p\u00f3s-gradua\u00e7\u00e3o Mestrado e Doutorado, a matr\u00edcula na UFMG \u00e9 <i>online<\/i>,\u00a0realizada\u00a0por meio do Sistema de Matr\u00edcula Online da P\u00f3s-Gradua\u00e7\u00e3o, sendo de inteira responsabilidade do(a) aluno(a) faz\u00ea-la, a cada per\u00edodo letivo, nos prazos definidos no Calend\u00e1rio Escolar da UFMG, sob pena de ser desligado do curso, conforme art. 61 do anexo \u00e0 Resolu\u00e7\u00e3o Complementar 02\/2017 &#8211; CEPE (Normas Gerais de P\u00f3s-Gradua\u00e7\u00e3o).<\/p>\n<p>O processo de matr\u00edcula ocorre em etapas e envolve a participa\u00e7\u00e3o do(a) estudante, orientador(a), Coordena\u00e7\u00e3o do Programa de P\u00f3s-Gradua\u00e7\u00e3o e Secretaria.<\/p>\n<p>A primeira etapa consiste no lan\u00e7amento da oferta de turmas no Sistema Acad\u00eamico da P\u00f3s-Gradua\u00e7\u00e3o,<b>\u00a0<\/b>pela Secretaria do Programa de P\u00f3s-Gradua\u00e7\u00e3o.<\/p>\n<p>A segunda etapa consiste na elabora\u00e7\u00e3o da proposta de matr\u00edcula, em que o(a) aluno(a) seleciona as atividades\/turmas que deseja cursar no pr\u00f3ximo per\u00edodo letivo.<\/p>\n<p>A proposta \u00e9 enviada ao(\u00e0) orientador(a) que pode aprov\u00e1-la sem modifica\u00e7\u00f5es ou propor altera\u00e7\u00f5es.<\/p>\n<ul>\n<li>Se a proposta de matr\u00edcula for aceita pelo(a) orientador(a), sem altera\u00e7\u00f5es, ela ser\u00e1 encaminhada \u00e0 secretaria para an\u00e1lise e efetiva\u00e7\u00e3o da matr\u00edcula.<\/li>\n<li>Caso o(a) orientador(a) modifique a proposta de matr\u00edcula, ela retorna ao(\u00e0) aluno(a) que poder\u00e1 (I) acatar as modifica\u00e7\u00f5es propostas ou (II) fazer <b>uma \u00fanica revis\u00e3o <\/b>e reenvi\u00e1-la ao(\u00e0) orientador(a) para nova an\u00e1lise.<\/li>\n<\/ul>\n<p>I. Caso o(a) estudante acate a revis\u00e3o do(a) orientador(a), a proposta \u00e9 enviada diretamente para a secretaria do programa para efetiva\u00e7\u00e3o da matr\u00edcula.<\/p>\n<p>II. Caso o(a) estudante fa\u00e7a a revis\u00e3o, o(a) orientador(a) realiza a \u00faltima an\u00e1lise da proposta, aceitando-a integralmente ou introduzindo novas modifica\u00e7\u00f5es. Em seguida a proposta \u00e9 encaminhada \u00e0 secretaria para efetiva\u00e7\u00e3o da matr\u00edcula.<\/p>\n<p class=\" text-justify\">A proposta de matr\u00edcula dos(as) estudantes cujo o(a) orientador(a) ainda n\u00e3o foi definido(a) pelo Colegiado ser\u00e1 analisada pelo(a) Coordenador(a) do Programa de P\u00f3s-Gradua\u00e7\u00e3o.<\/p>\n<p class=\" text-justify\">O aluno poder\u00e1 incluir, al\u00e9m das disciplinas ofertadas por seu curso, disciplinas ofertadas por outros programas de p\u00f3s-gradua\u00e7\u00e3o da UFMG. Ou seja, a matr\u00edcula em disciplinas eletivas ser\u00e1 concomitante \u00e0 matr\u00edcula regular.<\/p>\n<p class=\" text-justify\">Ressaltamos que ap\u00f3s o envio da proposta de matr\u00edcula, o sistema n\u00e3o permite, inicialmente, ao(\u00e0) estudante realizar altera\u00e7\u00f5es. Nesse sentido, \u00e9 importante que todas as atividades a serem cursadas (obrigat\u00f3rias, optativas e eletivas) sejam selecionadas e enviadas simultaneamente para aprova\u00e7\u00e3o.<\/p>\n<p class=\" text-justify\">No caso de o(a) aluno(a) solicitar matr\u00edcula em disciplinas eletivas, ap\u00f3s a an\u00e1lise feita pelo(a) orientador(a), a proposta \u00e9 encaminhada \u00e0 Coordena\u00e7\u00e3o do <strong><u>programa ofertante<\/u><\/strong> para avalia\u00e7\u00e3o e eventual efetiva\u00e7\u00e3o da matr\u00edcula.<\/p>\n<p class=\" text-justify\">A efetiva\u00e7\u00e3o das demais matr\u00edculas pela secretaria do programa do aluno independe da avalia\u00e7\u00e3o\/efetiva\u00e7\u00e3o das matr\u00edculas em disciplinas eletivas.<\/p>\n<p class=\" text-justify\">O acesso ao Sistema de Matr\u00edcula Online da P\u00f3s-Gradua\u00e7\u00e3o se d\u00e1 por meio do Portal MinhaUFMG (Sistemas \u2192 Aplica\u00e7\u00f5es Acad\u00eamicas \u2192 P\u00f3s-Gradua\u00e7\u00e3o: Matr\u00edcula \u2192 Elaborar Proposta).<\/p>\n<p class=\" text-justify\">Recomendamos utilizar somente o navegador Mozilla Firefox. A utiliza\u00e7\u00e3o de outros navegadores poder\u00e1 acarretar mau funcionamento do Sistema.<\/p>\n<p class=\" text-justify\">Lembramos que o(a) estudante dever\u00e1 primeiramente preencher o question\u00e1rio de avalia\u00e7\u00e3o do desempenho did\u00e1tico dos(as) docentes das atividades acad\u00eamicas curriculares cursadas no per\u00edodo letivo anterior.<\/p>\n<p class=\" text-justify\">Somente ap\u00f3s a conclus\u00e3o desse procedimento, o(a) estudante poder\u00e1 elaborar a proposta. Ao preench\u00ea-la, o(a) aluno(a) deve estar atento \u00e0 exig\u00eancia de pr\u00e9-requisitos, \u00e0 sequ\u00eancia de atividades previstas no seu curr\u00edculo, bem como aos limites m\u00ednimo e m\u00e1ximo de cr\u00e9ditos exigidos por seu curso.<\/p>\n<p class=\" text-justify\">Salientamos ainda que o(a) estudante de p\u00f3s-gradua\u00e7\u00e3o poder\u00e1 requerer matr\u00edcula em disciplinas de gradua\u00e7\u00e3o, nas Unidades Acad\u00eamicas respons\u00e1veis pela oferta das disciplinas.<\/p>\n<p>Ainda possui d\u00favidas? Acesse o manual de matr\u00edcula do aluno de p\u00f3s-gradua\u00e7\u00e3o <a href=\"https:\/\/www2.ufmg.br\/drca\/content\/download\/27524\/184599\/file\/Manual%20do%20Aluno%20_Matr%C3%ADcula%20-P%C3%B3s.pdf\" target=\"_blank\" rel=\"noopener noreferrer\">clicando aqui<\/a> e tire as suas d\u00favidas.<\/p>\n","protected":false},"excerpt":{"rendered":"<p>Matr\u00edcula \u00e9 a inscri\u00e7\u00e3o de um registro discente em disciplina ou em outra atividade acad\u00eamica a ser desenvolvida em um per\u00edodo letivo. Os alunos\u00a0de p\u00f3s-gradua\u00e7\u00e3o Mestrado e Doutorado, a matr\u00edcula [&hellip;]<\/p>\n","protected":false},"author":4,"featured_media":0,"parent":0,"menu_order":0,"comment_status":"closed","ping_status":"closed","template":"","meta":{"_price":"","_stock":"","_tribe_ticket_header":"","_tribe_default_ticket_provider":"","_tribe_ticket_capacity":"0","_ticket_start_date":"","_ticket_end_date":"","_tribe_ticket_show_description":"","_tribe_ticket_show_not_going":false,"_tribe_ticket_use_global_stock":"","_tribe_ticket_global_stock_level":"","_global_stock_mode":"","_global_stock_cap":"","_tribe_rsvp_for_event":"","_tribe_ticket_going_count":"","_tribe_ticket_not_going_count":"","_tribe_tickets_list":"[]","_tribe_ticket_has_attendee_info_fields":false,"footnotes":"","_tec_slr_enabled":"","_tec_slr_layout":""},"class_list":["post-90","page","type-page","status-publish","hentry"],"ticketed":false,"_links":{"self":[{"href":"https:\/\/sites.icb.ufmg.br\/pginovacao\/index.php\/wp-json\/wp\/v2\/pages\/90","targetHints":{"allow":["GET"]}}],"collection":[{"href":"https:\/\/sites.icb.ufmg.br\/pginovacao\/index.php\/wp-json\/wp\/v2\/pages"}],"about":[{"href":"https:\/\/sites.icb.ufmg.br\/pginovacao\/index.php\/wp-json\/wp\/v2\/types\/page"}],"author":[{"embeddable":true,"href":"https:\/\/sites.icb.ufmg.br\/pginovacao\/index.php\/wp-json\/wp\/v2\/users\/4"}],"replies":[{"embeddable":true,"href":"https:\/\/sites.icb.ufmg.br\/pginovacao\/index.php\/wp-json\/wp\/v2\/comments?post=90"}],"version-history":[{"count":8,"href":"https:\/\/sites.icb.ufmg.br\/pginovacao\/index.php\/wp-json\/wp\/v2\/pages\/90\/revisions"}],"predecessor-version":[{"id":626,"href":"https:\/\/sites.icb.ufmg.br\/pginovacao\/index.php\/wp-json\/wp\/v2\/pages\/90\/revisions\/626"}],"wp:attachment":[{"href":"https:\/\/sites.icb.ufmg.br\/pginovacao\/index.php\/wp-json\/wp\/v2\/media?parent=90"}],"curies":[{"name":"wp","href":"https:\/\/api.w.org\/{rel}","templated":true}]}}

Matrícula

<p>Matrícula é a inscrição de um registro discente em disciplina ou em outra atividade acadêmica a ser desenvolvida em um período letivo.</p>
<p>Os alunos de pós-graduação Mestrado e Doutorado, a matrícula na UFMG é <i>online</i>, realizada por meio do Sistema de Matrícula Online da Pós-Graduação, sendo de inteira responsabilidade do(a) aluno(a) fazê-la, a cada período letivo, nos prazos definidos no Calendário Escolar da UFMG, sob pena de ser desligado do curso, conforme art. 61 do anexo à Resolução Complementar 02/2017 &#8211; CEPE (Normas Gerais de Pós-Graduação).</p>
<p>O processo de matrícula ocorre em etapas e envolve a participação do(a) estudante, orientador(a), Coordenação do Programa de Pós-Graduação e Secretaria.</p>
<p>A primeira etapa consiste no lançamento da oferta de turmas no Sistema Acadêmico da Pós-Graduação,<b> </b>pela Secretaria do Programa de Pós-Graduação.</p>
<p>A segunda etapa consiste na elaboração da proposta de matrícula, em que o(a) aluno(a) seleciona as atividades/turmas que deseja cursar no próximo período letivo.</p>
<p>A proposta é enviada ao(à) orientador(a) que pode aprová-la sem modificações ou propor alterações.</p>
<ul>
<li>Se a proposta de matrícula for aceita pelo(a) orientador(a), sem alterações, ela será encaminhada à secretaria para análise e efetivação da matrícula.</li>
<li>Caso o(a) orientador(a) modifique a proposta de matrícula, ela retorna ao(à) aluno(a) que poderá (I) acatar as modificações propostas ou (II) fazer <b>uma única revisão </b>e reenviá-la ao(à) orientador(a) para nova análise.</li>
</ul>
<p>I. Caso o(a) estudante acate a revisão do(a) orientador(a), a proposta é enviada diretamente para a secretaria do programa para efetivação da matrícula.</p>
<p>II. Caso o(a) estudante faça a revisão, o(a) orientador(a) realiza a última análise da proposta, aceitando-a integralmente ou introduzindo novas modificações. Em seguida a proposta é encaminhada à secretaria para efetivação da matrícula.</p>
<p class=" text-justify">A proposta de matrícula dos(as) estudantes cujo o(a) orientador(a) ainda não foi definido(a) pelo Colegiado será analisada pelo(a) Coordenador(a) do Programa de Pós-Graduação.</p>
<p class=" text-justify">O aluno poderá incluir, além das disciplinas ofertadas por seu curso, disciplinas ofertadas por outros programas de pós-graduação da UFMG. Ou seja, a matrícula em disciplinas eletivas será concomitante à matrícula regular.</p>
<p class=" text-justify">Ressaltamos que após o envio da proposta de matrícula, o sistema não permite, inicialmente, ao(à) estudante realizar alterações. Nesse sentido, é importante que todas as atividades a serem cursadas (obrigatórias, optativas e eletivas) sejam selecionadas e enviadas simultaneamente para aprovação.</p>
<p class=" text-justify">No caso de o(a) aluno(a) solicitar matrícula em disciplinas eletivas, após a análise feita pelo(a) orientador(a), a proposta é encaminhada à Coordenação do <strong><u>programa ofertante</u></strong> para avaliação e eventual efetivação da matrícula.</p>
<p class=" text-justify">A efetivação das demais matrículas pela secretaria do programa do aluno independe da avaliação/efetivação das matrículas em disciplinas eletivas.</p>
<p class=" text-justify">O acesso ao Sistema de Matrícula Online da Pós-Graduação se dá por meio do Portal MinhaUFMG (Sistemas → Aplicações Acadêmicas → Pós-Graduação: Matrícula → Elaborar Proposta).</p>
<p class=" text-justify">Recomendamos utilizar somente o navegador Mozilla Firefox. A utilização de outros navegadores poderá acarretar mau funcionamento do Sistema.</p>
<p class=" text-justify">Lembramos que o(a) estudante deverá primeiramente preencher o questionário de avaliação do desempenho didático dos(as) docentes das atividades acadêmicas curriculares cursadas no período letivo anterior.</p>
<p class=" text-justify">Somente após a conclusão desse procedimento, o(a) estudante poderá elaborar a proposta. Ao preenchê-la, o(a) aluno(a) deve estar atento à exigência de pré-requisitos, à sequência de atividades previstas no seu currículo, bem como aos limites mínimo e máximo de créditos exigidos por seu curso.</p>
<p class=" text-justify">Salientamos ainda que o(a) estudante de pós-graduação poderá requerer matrícula em disciplinas de graduação, nas Unidades Acadêmicas responsáveis pela oferta das disciplinas.</p>
<p>Ainda possui dúvidas? Acesse o manual de matrícula do aluno de pós-graduação <a href="https://www2.ufmg.br/drca/content/download/27524/184599/file/Manual%20do%20Aluno%20_Matr%C3%ADcula%20-P%C3%B3s.pdf" target="_blank" rel="noopener noreferrer">clicando aqui</a> e tire as suas dúvidas.</p>

<p>Matrícula é a inscrição de um registro discente em disciplina ou em outra atividade acadêmica a ser desenvolvida em um período letivo. Os alunos de pós-graduação Mestrado e Doutorado, a matrícula [&hellip;]</p>
